{"id":345,"date":"2010-02-02T00:36:07","date_gmt":"2010-02-01T23:36:07","guid":{"rendered":"http:\/\/www.mhyrdin.fr\/blog\/?page_id=345"},"modified":"2024-12-18T07:49:30","modified_gmt":"2024-12-18T06:49:30","slug":"antiquites-argentiques","status":"publish","type":"page","link":"https:\/\/mhyrdin.fr\/blog\/antiquites-argentiques\/","title":{"rendered":"Argentiques"},"content":{"rendered":"<p>Un d\u00e9but de num\u00e9risation des photos et diapositives argentiques&nbsp; accumul\u00e9es pendant pr\u00e8s de 40 ans avant de passer au num\u00e9rique.<\/p>\n<p style=\"text-align: center;\"><div id=\"jig1\" class=\"justified-image-grid jig-4578242840a2bda9c5650ec1ac2269a0 jig-preset-global jig-source-nextgen\"><div class=\"jig-clearfix\"><\/div><noscript id=\"jig1-html\" class=\"justified-image-grid-html\" data-lazy-src=\"skiplazyload\" data-src=\"skipunveillazyload\"><ul><li><a href=\"https:\/\/mhyrdin.fr\/blog\/antiquites-argentiques\/mars-1978-amoco-cadiz\/\" title=\"33 Photos\"><img loading=\"lazy\" decoding=\"async\" src=\"https:\/\/i0.wp.com\/mhyrdin.fr\/blog\/wordpress\/wp-content\/gallery\/amoco\/amoco-17.jpg?h=170\" alt=\"Mars 1978 : Amoco Cadiz \" width=\"232\" height=\"170\" \/><\/a><p class=\"jig-HTMLdescription\">Mars 1978 : Amoco Cadiz <br\/>33 Photos<\/p><\/li><li><a href=\"https:\/\/mhyrdin.fr\/blog\/antiquites-argentiques\/de-tout-un-petit-peu\/\" title=\"32 Photos\"><img loading=\"lazy\" decoding=\"async\" src=\"https:\/\/i0.wp.com\/mhyrdin.fr\/blog\/wordpress\/wp-content\/gallery\/argentiques\/autorail.jpg?h=170\" alt=\"Un peu de tout\" width=\"249\" height=\"170\" \/><\/a><p class=\"jig-HTMLdescription\">Un peu de tout<br\/>32 Photos<\/p><\/li><\/ul><\/noscript><\/div><div id=\"jig1-developerLink\" class=\"jig-developerLink\"><a href=\"https:\/\/justifiedgrid.com\/\" target=\"_blank\" title=\"Justified Image Grid - Premium WordPress Gallery\">powered by Justified Image Grid<\/a><\/div><\/p>\n<p>&nbsp;<\/p>\n<p>&nbsp;<\/p>\n<h3>Related Images:<\/h3>","protected":false},"excerpt":{"rendered":"<p>Un d\u00e9but de num\u00e9risation des photos et diapositives argentiques&nbsp; accumul\u00e9es pendant pr\u00e8s de 40 ans avant de passer au num\u00e9rique. &nbsp; &nbsp; Related Images:<\/p>\n","protected":false},"author":4,"featured_media":0,"parent":0,"menu_order":1,"comment_status":"closed","ping_status":"closed","template":"template-fullwidth.php","meta":{"ngg_post_thumbnail":0,"jetpack_post_was_ever_published":false,"footnotes":"","_links_to":"","_links_to_target":""},"class_list":["post-345","page","type-page","status-publish","hentry"],"jetpack_shortlink":"https:\/\/wp.me\/P9lSZN-5z","jetpack_sharing_enabled":true,"_links":{"self":[{"href":"https:\/\/mhyrdin.fr\/blog\/wp-json\/wp\/v2\/pages\/345","targetHints":{"allow":["GET"]}}],"collection":[{"href":"https:\/\/mhyrdin.fr\/blog\/wp-json\/wp\/v2\/pages"}],"about":[{"href":"https:\/\/mhyrdin.fr\/blog\/wp-json\/wp\/v2\/types\/page"}],"author":[{"embeddable":true,"href":"https:\/\/mhyrdin.fr\/blog\/wp-json\/wp\/v2\/users\/4"}],"replies":[{"embeddable":true,"href":"https:\/\/mhyrdin.fr\/blog\/wp-json\/wp\/v2\/comments?post=345"}],"version-history":[{"count":4,"href":"https:\/\/mhyrdin.fr\/blog\/wp-json\/wp\/v2\/pages\/345\/revisions"}],"predecessor-version":[{"id":27246,"href":"https:\/\/mhyrdin.fr\/blog\/wp-json\/wp\/v2\/pages\/345\/revisions\/27246"}],"wp:attachment":[{"href":"https:\/\/mhyrdin.fr\/blog\/wp-json\/wp\/v2\/media?parent=345"}],"curies":[{"name":"wp","href":"https:\/\/api.w.org\/{rel}","templated":true}]}}