{"id":24921,"date":"2022-11-05T07:19:42","date_gmt":"2022-11-05T06:19:42","guid":{"rendered":"https:\/\/mhyrdin.fr\/blog\/2022-2\/2022-novembre\/"},"modified":"2022-12-26T23:52:34","modified_gmt":"2022-12-26T22:52:34","slug":"2022-novembre","status":"publish","type":"page","link":"https:\/\/mhyrdin.fr\/blog\/archives-numeriques\/2022-2-2\/2022-novembre\/","title":{"rendered":"Novembre"},"content":{"rendered":"<div id=\"jig1\" class=\"justified-image-grid jig-95077ee914632ede440de3202855eaa1 jig-preset-global jig-source-nextgen\"><div class=\"jig-clearfix\"><\/div><noscript id=\"jig1-html\" class=\"justified-image-grid-html\" data-lazy-src=\"skiplazyload\" data-src=\"skipunveillazyload\"><ul><li><a href=\"https:\/\/i0.wp.com\/mhyrdin.fr\/blog\/wordpress\/wp-content\/gallery\/2022-novembre\/Marina_184948R.jpg?ssl=1\" title=\"Marina_184948R\"><img loading=\"lazy\" decoding=\"async\" src=\"https:\/\/i0.wp.com\/mhyrdin.fr\/blog\/wordpress\/wp-content\/gallery\/2022-novembre\/Marina_184948R.jpg?h=170\" alt=\"Brest, la Marina du Ch\u00e2teau\" width=\"343\" height=\"170\" \/><\/a><p class=\"jig-HTMLdescription\">Brest, la Marina du Ch\u00e2teau<br\/>Marina_184948R<\/p><\/li><li><a href=\"https:\/\/i0.wp.com\/mhyrdin.fr\/blog\/wordpress\/wp-content\/gallery\/2022-novembre\/Abeille%20bourbon_185432R.jpg?ssl=1\"><img loading=\"lazy\" decoding=\"async\" src=\"https:\/\/i0.wp.com\/mhyrdin.fr\/blog\/wordpress\/wp-content\/gallery\/2022-novembre\/Abeille%20bourbon_185432R.jpg?h=170\" alt=\"Abeille bourbon\" width=\"353\" height=\"170\" \/><\/a><p class=\"jig-HTMLdescription\">Abeille bourbon<\/p><\/li><li><a href=\"https:\/\/i0.wp.com\/mhyrdin.fr\/blog\/wordpress\/wp-content\/gallery\/2022-novembre\/Abeille%20bourbon_185433R.jpg?ssl=1\"><img loading=\"lazy\" decoding=\"async\" src=\"https:\/\/i0.wp.com\/mhyrdin.fr\/blog\/wordpress\/wp-content\/gallery\/2022-novembre\/Abeille%20bourbon_185433R.jpg?h=170\" alt=\"Abeille bourbon\" width=\"368\" height=\"170\" \/><\/a><p class=\"jig-HTMLdescription\">Abeille bourbon<\/p><\/li><li><a href=\"https:\/\/i0.wp.com\/mhyrdin.fr\/blog\/wordpress\/wp-content\/gallery\/2022-novembre\/Vagues%20%C3%A0%20Melon_0001.jpg?ssl=1\" title=\"Porspoder\"><img loading=\"lazy\" decoding=\"async\" src=\"https:\/\/i0.wp.com\/mhyrdin.fr\/blog\/wordpress\/wp-content\/gallery\/2022-novembre\/Vagues%20%C3%A0%20Melon_0001.jpg?h=170\" alt=\"Vagues \u00e0 Melon\" width=\"368\" height=\"170\" \/><\/a><p class=\"jig-HTMLdescription\">Vagues \u00e0 Melon<br\/>Porspoder<\/p><\/li><li><a href=\"https:\/\/i0.wp.com\/mhyrdin.fr\/blog\/wordpress\/wp-content\/gallery\/2022-novembre\/Vagues%20%C3%A0%20Melon_9574.JPG?ssl=1\" title=\"Porspoder\"><img loading=\"lazy\" decoding=\"async\" src=\"https:\/\/i0.wp.com\/mhyrdin.fr\/blog\/wordpress\/wp-content\/gallery\/2022-novembre\/Vagues%20%C3%A0%20Melon_9574.JPG?h=170\" alt=\"Vagues \u00e0 Melon\" width=\"255\" height=\"170\" \/><\/a><p class=\"jig-HTMLdescription\">Vagues \u00e0 Melon<br\/>Porspoder<\/p><\/li><li><a href=\"https:\/\/i0.wp.com\/mhyrdin.fr\/blog\/wordpress\/wp-content\/gallery\/2022-novembre\/Vagues%20%C3%A0%20Melon_9562.JPG?ssl=1\" title=\"Porspoder\"><img loading=\"lazy\" decoding=\"async\" src=\"https:\/\/i0.wp.com\/mhyrdin.fr\/blog\/wordpress\/wp-content\/gallery\/2022-novembre\/Vagues%20%C3%A0%20Melon_9562.JPG?h=170\" alt=\"Vagues \u00e0 Melon\" width=\"280\" height=\"170\" \/><\/a><p class=\"jig-HTMLdescription\">Vagues \u00e0 Melon<br\/>Porspoder<\/p><\/li><li><a href=\"https:\/\/i0.wp.com\/mhyrdin.fr\/blog\/wordpress\/wp-content\/gallery\/2022-novembre\/Vagues%20%C3%A0%20Melon_9575.JPG?ssl=1\" title=\"Porspoder\"><img loading=\"lazy\" decoding=\"async\" src=\"https:\/\/i0.wp.com\/mhyrdin.fr\/blog\/wordpress\/wp-content\/gallery\/2022-novembre\/Vagues%20%C3%A0%20Melon_9575.JPG?h=170\" alt=\"Vagues \u00e0 Melon\" width=\"255\" height=\"170\" \/><\/a><p class=\"jig-HTMLdescription\">Vagues \u00e0 Melon<br\/>Porspoder<\/p><\/li><li><a href=\"https:\/\/i0.wp.com\/mhyrdin.fr\/blog\/wordpress\/wp-content\/gallery\/2022-novembre\/Grand%20Gravelot_9547.JPG?ssl=1\"><img loading=\"lazy\" decoding=\"async\" src=\"https:\/\/i0.wp.com\/mhyrdin.fr\/blog\/wordpress\/wp-content\/gallery\/2022-novembre\/Grand%20Gravelot_9547.JPG?h=170\" alt=\"Grand Gravelot\" width=\"255\" height=\"170\" \/><\/a><p class=\"jig-HTMLdescription\">Grand Gravelot<\/p><\/li><li><a href=\"https:\/\/i0.wp.com\/mhyrdin.fr\/blog\/wordpress\/wp-content\/gallery\/2022-novembre\/Hu%C3%AEtrier%20pie_9583.JPG?ssl=1\"><img loading=\"lazy\" decoding=\"async\" src=\"https:\/\/i0.wp.com\/mhyrdin.fr\/blog\/wordpress\/wp-content\/gallery\/2022-novembre\/Hu%C3%AEtrier%20pie_9583.JPG?h=170\" alt=\"Hu\u00eetrier pie\" width=\"255\" height=\"170\" \/><\/a><p class=\"jig-HTMLdescription\">Hu\u00eetrier pie<\/p><\/li><li><a href=\"https:\/\/i0.wp.com\/mhyrdin.fr\/blog\/wordpress\/wp-content\/gallery\/2022-novembre\/Tournepierre%20%C3%A0%20collier_9571.JPG?ssl=1\"><img loading=\"lazy\" decoding=\"async\" src=\"https:\/\/i0.wp.com\/mhyrdin.fr\/blog\/wordpress\/wp-content\/gallery\/2022-novembre\/Tournepierre%20%C3%A0%20collier_9571.JPG?h=170\" alt=\"Tournepierre \u00e0 collier\" width=\"255\" height=\"170\" \/><\/a><p class=\"jig-HTMLdescription\">Tournepierre \u00e0 collier<\/p><\/li><\/ul><\/noscript><\/div><div id=\"jig1-developerLink\" class=\"jig-developerLink\"><a href=\"https:\/\/justifiedgrid.com\/\" target=\"_blank\" title=\"Justified Image Grid - Premium WordPress Gallery\">powered by Justified Image Grid<\/a><\/div>\n<h3>Related Images:<\/h3>","protected":false},"excerpt":{"rendered":"<p>Brest, la Marina du Ch\u00e2teauMarina_184948RAbeille bourbonAbeille bourbonVagues \u00e0 MelonPorspoderVagues \u00e0 MelonPorspoderVagues \u00e0 MelonPorspoderVagues \u00e0 MelonPorspoderGrand GravelotHu\u00eetrier pieTournepierre \u00e0 collierpowered by Justified Image Grid Related Images:<\/p>\n","protected":false},"author":4,"featured_media":0,"parent":24999,"menu_order":0,"comment_status":"closed","ping_status":"closed","template":"","meta":{"ngg_post_thumbnail":0,"jetpack_post_was_ever_published":false,"footnotes":"","_links_to":"","_links_to_target":""},"class_list":["post-24921","page","type-page","status-publish","hentry"],"jetpack_shortlink":"https:\/\/wp.me\/P9lSZN-6tX","jetpack_sharing_enabled":true,"_links":{"self":[{"href":"https:\/\/mhyrdin.fr\/blog\/wp-json\/wp\/v2\/pages\/24921","targetHints":{"allow":["GET"]}}],"collection":[{"href":"https:\/\/mhyrdin.fr\/blog\/wp-json\/wp\/v2\/pages"}],"about":[{"href":"https:\/\/mhyrdin.fr\/blog\/wp-json\/wp\/v2\/types\/page"}],"author":[{"embeddable":true,"href":"https:\/\/mhyrdin.fr\/blog\/wp-json\/wp\/v2\/users\/4"}],"replies":[{"embeddable":true,"href":"https:\/\/mhyrdin.fr\/blog\/wp-json\/wp\/v2\/comments?post=24921"}],"version-history":[{"count":1,"href":"https:\/\/mhyrdin.fr\/blog\/wp-json\/wp\/v2\/pages\/24921\/revisions"}],"predecessor-version":[{"id":24933,"href":"https:\/\/mhyrdin.fr\/blog\/wp-json\/wp\/v2\/pages\/24921\/revisions\/24933"}],"up":[{"embeddable":true,"href":"https:\/\/mhyrdin.fr\/blog\/wp-json\/wp\/v2\/pages\/24999"}],"wp:attachment":[{"href":"https:\/\/mhyrdin.fr\/blog\/wp-json\/wp\/v2\/media?parent=24921"}],"curies":[{"name":"wp","href":"https:\/\/api.w.org\/{rel}","templated":true}]}}