{"id":24636,"date":"2022-10-24T16:47:00","date_gmt":"2022-10-24T14:47:00","guid":{"rendered":"https:\/\/mhyrdin.fr\/blog\/2006-2\/2006-octobre\/"},"modified":"2023-06-30T15:11:05","modified_gmt":"2023-06-30T13:11:05","slug":"2006-octobre","status":"publish","type":"page","link":"https:\/\/mhyrdin.fr\/blog\/archives-numeriques\/2006-2\/2006-octobre\/","title":{"rendered":"Octobre"},"content":{"rendered":"<div id=\"jig1\" class=\"justified-image-grid jig-1f45cabfbb9974b7fe4cc56e5ef7b346 jig-preset-global jig-source-nextgen\"><div class=\"jig-clearfix\"><\/div><noscript id=\"jig1-html\" class=\"justified-image-grid-html\" data-lazy-src=\"skiplazyload\" data-src=\"skipunveillazyload\"><ul><li><a href=\"https:\/\/i0.wp.com\/mhyrdin.fr\/blog\/wordpress\/wp-content\/gallery\/2006-octobre\/Nenuphar%207870R.jpg?ssl=1\"><img loading=\"lazy\" decoding=\"async\" src=\"https:\/\/i0.wp.com\/mhyrdin.fr\/blog\/wordpress\/wp-content\/gallery\/2006-octobre\/Nenuphar%207870R.jpg?h=170\" alt=\"N\u00e9nuphar\" width=\"227\" height=\"170\" \/><\/a><p class=\"jig-HTMLdescription\">N\u00e9nuphar<\/p><\/li><li><a href=\"https:\/\/i0.wp.com\/mhyrdin.fr\/blog\/wordpress\/wp-content\/gallery\/2006-octobre\/IMG_7868R.jpg?ssl=1\" title=\"IMG_7868R\"><img loading=\"lazy\" decoding=\"async\" src=\"https:\/\/i0.wp.com\/mhyrdin.fr\/blog\/wordpress\/wp-content\/gallery\/2006-octobre\/IMG_7868R.jpg?h=170\" alt=\"Renou\u00e9e\" width=\"113\" height=\"170\" \/><\/a><p class=\"jig-HTMLdescription\">Renou\u00e9e<br\/>IMG_7868R<\/p><\/li><li><a href=\"https:\/\/i0.wp.com\/mhyrdin.fr\/blog\/wordpress\/wp-content\/gallery\/2006-octobre\/IMG_7869%20copieR.jpg?ssl=1\"><img loading=\"lazy\" decoding=\"async\" src=\"https:\/\/i0.wp.com\/mhyrdin.fr\/blog\/wordpress\/wp-content\/gallery\/2006-octobre\/IMG_7869%20copieR.jpg?h=170\" alt=\"Champignon ind\u00e9termin\u00e9\" width=\"227\" height=\"170\" \/><\/a><p class=\"jig-HTMLdescription\">Champignon ind\u00e9termin\u00e9<\/p><\/li><li><a href=\"https:\/\/i0.wp.com\/mhyrdin.fr\/blog\/wordpress\/wp-content\/gallery\/2006-octobre\/IMG_7870R.jpg?ssl=1\" title=\"IMG_7870R\"><img loading=\"lazy\" decoding=\"async\" src=\"https:\/\/i0.wp.com\/mhyrdin.fr\/blog\/wordpress\/wp-content\/gallery\/2006-octobre\/IMG_7870R.jpg?h=170\" alt=\"Champignon ind\u00e9termin\u00e9\" width=\"227\" height=\"170\" \/><\/a><p class=\"jig-HTMLdescription\">Champignon ind\u00e9termin\u00e9<br\/>IMG_7870R<\/p><\/li><li><a href=\"https:\/\/i0.wp.com\/mhyrdin.fr\/blog\/wordpress\/wp-content\/gallery\/2006-octobre\/Paon%20du%20jour%207889R.jpg?ssl=1\"><img loading=\"lazy\" decoding=\"async\" src=\"https:\/\/i0.wp.com\/mhyrdin.fr\/blog\/wordpress\/wp-content\/gallery\/2006-octobre\/Paon%20du%20jour%207889R.jpg?h=170\" alt=\"Paon du jour\" width=\"255\" height=\"170\" \/><\/a><p class=\"jig-HTMLdescription\">Paon du jour<\/p><\/li><li><a href=\"https:\/\/i0.wp.com\/mhyrdin.fr\/blog\/wordpress\/wp-content\/gallery\/2006-octobre\/Vulcain%207902%20copieR.jpg?ssl=1\"><img loading=\"lazy\" decoding=\"async\" src=\"https:\/\/i0.wp.com\/mhyrdin.fr\/blog\/wordpress\/wp-content\/gallery\/2006-octobre\/Vulcain%207902%20copieR.jpg?h=170\" alt=\"Vulcain\" width=\"255\" height=\"170\" \/><\/a><p class=\"jig-HTMLdescription\">Vulcain<\/p><\/li><li><a href=\"https:\/\/i0.wp.com\/mhyrdin.fr\/blog\/wordpress\/wp-content\/gallery\/2006-octobre\/Becasseau%20Sanderling%207916%20copieR.jpg?ssl=1\"><img loading=\"lazy\" decoding=\"async\" src=\"https:\/\/i0.wp.com\/mhyrdin.fr\/blog\/wordpress\/wp-content\/gallery\/2006-octobre\/Becasseau%20Sanderling%207916%20copieR.jpg?h=170\" alt=\"Becasseau Sanderling\" width=\"234\" height=\"170\" \/><\/a><p class=\"jig-HTMLdescription\">Becasseau Sanderling<\/p><\/li><li><a href=\"https:\/\/i0.wp.com\/mhyrdin.fr\/blog\/wordpress\/wp-content\/gallery\/2006-octobre\/Aigrette%20garzette%201466R.jpg?ssl=1\"><img loading=\"lazy\" decoding=\"async\" src=\"https:\/\/i0.wp.com\/mhyrdin.fr\/blog\/wordpress\/wp-content\/gallery\/2006-octobre\/Aigrette%20garzette%201466R.jpg?h=170\" alt=\"Aigrette garzette\" width=\"227\" height=\"170\" \/><\/a><p class=\"jig-HTMLdescription\">Aigrette garzette<\/p><\/li><li><a href=\"https:\/\/i0.wp.com\/mhyrdin.fr\/blog\/wordpress\/wp-content\/gallery\/2006-octobre\/Orleans_8107R.jpg?ssl=1\" title=\"Orleans_8107R\"><img loading=\"lazy\" decoding=\"async\" src=\"https:\/\/i0.wp.com\/mhyrdin.fr\/blog\/wordpress\/wp-content\/gallery\/2006-octobre\/Orleans_8107R.jpg?h=170\" alt=\"Orleans\" width=\"255\" height=\"170\" \/><\/a><p class=\"jig-HTMLdescription\">Orleans<br\/>Orleans_8107R<\/p><\/li><li><a href=\"https:\/\/i0.wp.com\/mhyrdin.fr\/blog\/wordpress\/wp-content\/gallery\/2006-octobre\/Porspoder%208174.jpg?ssl=1\"><img loading=\"lazy\" decoding=\"async\" src=\"https:\/\/i0.wp.com\/mhyrdin.fr\/blog\/wordpress\/wp-content\/gallery\/2006-octobre\/Porspoder%208174.jpg?h=170\" alt=\"Porspoder\" width=\"250\" height=\"170\" \/><\/a><p class=\"jig-HTMLdescription\">Porspoder<\/p><\/li><li><a href=\"https:\/\/i0.wp.com\/mhyrdin.fr\/blog\/wordpress\/wp-content\/gallery\/2006-octobre\/IMG_8183%20copieR.jpg?ssl=1\"><img loading=\"lazy\" decoding=\"async\" src=\"https:\/\/i0.wp.com\/mhyrdin.fr\/blog\/wordpress\/wp-content\/gallery\/2006-octobre\/IMG_8183%20copieR.jpg?h=170\" alt=\"Porspoder\" width=\"331\" height=\"170\" \/><\/a><p class=\"jig-HTMLdescription\">Porspoder<\/p><\/li><li><a href=\"https:\/\/i0.wp.com\/mhyrdin.fr\/blog\/wordpress\/wp-content\/gallery\/2006-octobre\/IMG_8192%20copie.jpg?ssl=1\"><img loading=\"lazy\" decoding=\"async\" src=\"https:\/\/i0.wp.com\/mhyrdin.fr\/blog\/wordpress\/wp-content\/gallery\/2006-octobre\/IMG_8192%20copie.jpg?h=170\" alt=\"Porspoder\" width=\"344\" height=\"170\" \/><\/a><p class=\"jig-HTMLdescription\">Porspoder<\/p><\/li><\/ul><\/noscript><\/div><div id=\"jig1-developerLink\" class=\"jig-developerLink\"><a href=\"https:\/\/justifiedgrid.com\/\" target=\"_blank\" title=\"Justified Image Grid - Premium WordPress Gallery\">powered by Justified Image Grid<\/a><\/div>\n<h3>Related Images:<\/h3>","protected":false},"excerpt":{"rendered":"<p>N\u00e9nupharRenou\u00e9eIMG_7868RChampignon ind\u00e9termin\u00e9Champignon ind\u00e9termin\u00e9IMG_7870RPaon du jourVulcainBecasseau SanderlingAigrette garzetteOrleansOrleans_8107RPorspoderPorspoderPorspoderpowered by Justified Image Grid Related Images:<\/p>\n","protected":false},"author":4,"featured_media":0,"parent":10364,"menu_order":10,"comment_status":"closed","ping_status":"closed","template":"","meta":{"ngg_post_thumbnail":0,"jetpack_post_was_ever_published":false,"footnotes":"","_links_to":"","_links_to_target":""},"class_list":["post-24636","page","type-page","status-publish","hentry"],"jetpack_shortlink":"https:\/\/wp.me\/P9lSZN-6pm","jetpack_sharing_enabled":true,"_links":{"self":[{"href":"https:\/\/mhyrdin.fr\/blog\/wp-json\/wp\/v2\/pages\/24636","targetHints":{"allow":["GET"]}}],"collection":[{"href":"https:\/\/mhyrdin.fr\/blog\/wp-json\/wp\/v2\/pages"}],"about":[{"href":"https:\/\/mhyrdin.fr\/blog\/wp-json\/wp\/v2\/types\/page"}],"author":[{"embeddable":true,"href":"https:\/\/mhyrdin.fr\/blog\/wp-json\/wp\/v2\/users\/4"}],"replies":[{"embeddable":true,"href":"https:\/\/mhyrdin.fr\/blog\/wp-json\/wp\/v2\/comments?post=24636"}],"version-history":[{"count":3,"href":"https:\/\/mhyrdin.fr\/blog\/wp-json\/wp\/v2\/pages\/24636\/revisions"}],"predecessor-version":[{"id":25522,"href":"https:\/\/mhyrdin.fr\/blog\/wp-json\/wp\/v2\/pages\/24636\/revisions\/25522"}],"up":[{"embeddable":true,"href":"https:\/\/mhyrdin.fr\/blog\/wp-json\/wp\/v2\/pages\/10364"}],"wp:attachment":[{"href":"https:\/\/mhyrdin.fr\/blog\/wp-json\/wp\/v2\/media?parent=24636"}],"curies":[{"name":"wp","href":"https:\/\/api.w.org\/{rel}","templated":true}]}}