{"id":24635,"date":"2022-10-24T16:46:42","date_gmt":"2022-10-24T14:46:42","guid":{"rendered":"https:\/\/mhyrdin.fr\/blog\/2006-2\/2006-novembre\/"},"modified":"2023-06-30T15:11:37","modified_gmt":"2023-06-30T13:11:37","slug":"2006-novembre","status":"publish","type":"page","link":"https:\/\/mhyrdin.fr\/blog\/archives-numeriques\/2006-2\/2006-novembre\/","title":{"rendered":"Novembre"},"content":{"rendered":"<div id=\"jig1\" class=\"justified-image-grid jig-f66706beea6b73784bea155f09efd1b5 jig-preset-global jig-source-nextgen\"><div class=\"jig-clearfix\"><\/div><noscript id=\"jig1-html\" class=\"justified-image-grid-html\" data-lazy-src=\"skiplazyload\" data-src=\"skipunveillazyload\"><ul><li><a href=\"https:\/\/i0.wp.com\/mhyrdin.fr\/blog\/wordpress\/wp-content\/gallery\/2006-novembre\/IMG_8204%20copieR.jpg?ssl=1\"><img loading=\"lazy\" decoding=\"async\" src=\"https:\/\/i0.wp.com\/mhyrdin.fr\/blog\/wordpress\/wp-content\/gallery\/2006-novembre\/IMG_8204%20copieR.jpg?h=170\" alt=\"-\" width=\"255\" height=\"170\" \/><\/a><p class=\"jig-HTMLdescription\">-<\/p><\/li><li><a href=\"https:\/\/i0.wp.com\/mhyrdin.fr\/blog\/wordpress\/wp-content\/gallery\/2006-novembre\/Postier%20breton_8219%20copieR.jpg?ssl=1\"><img loading=\"lazy\" decoding=\"async\" src=\"https:\/\/i0.wp.com\/mhyrdin.fr\/blog\/wordpress\/wp-content\/gallery\/2006-novembre\/Postier%20breton_8219%20copieR.jpg?h=170\" alt=\"Postier breton\" width=\"141\" height=\"170\" \/><\/a><p class=\"jig-HTMLdescription\">Postier breton<\/p><\/li><li><a href=\"https:\/\/i0.wp.com\/mhyrdin.fr\/blog\/wordpress\/wp-content\/gallery\/2006-novembre\/Huitrier%208232R.jpg?ssl=1\"><img loading=\"lazy\" decoding=\"async\" src=\"https:\/\/i0.wp.com\/mhyrdin.fr\/blog\/wordpress\/wp-content\/gallery\/2006-novembre\/Huitrier%208232R.jpg?h=170\" alt=\"Huitrier pie\" width=\"227\" height=\"170\" \/><\/a><p class=\"jig-HTMLdescription\">Huitrier pie<\/p><\/li><li><a href=\"https:\/\/i0.wp.com\/mhyrdin.fr\/blog\/wordpress\/wp-content\/gallery\/2006-novembre\/Bodonou_8262%20copieR.jpg?ssl=1\"><img loading=\"lazy\" decoding=\"async\" src=\"https:\/\/i0.wp.com\/mhyrdin.fr\/blog\/wordpress\/wp-content\/gallery\/2006-novembre\/Bodonou_8262%20copieR.jpg?h=170\" alt=\"Bodonou\" width=\"255\" height=\"170\" \/><\/a><p class=\"jig-HTMLdescription\">Bodonou<\/p><\/li><li><a href=\"https:\/\/i0.wp.com\/mhyrdin.fr\/blog\/wordpress\/wp-content\/gallery\/2006-novembre\/Chardon%208292R.jpg?ssl=1\"><img loading=\"lazy\" decoding=\"async\" src=\"https:\/\/i0.wp.com\/mhyrdin.fr\/blog\/wordpress\/wp-content\/gallery\/2006-novembre\/Chardon%208292R.jpg?h=170\" alt=\"Chardon (Cirse commun)\" width=\"255\" height=\"170\" \/><\/a><p class=\"jig-HTMLdescription\">Chardon (Cirse commun)<\/p><\/li><li><a href=\"https:\/\/i0.wp.com\/mhyrdin.fr\/blog\/wordpress\/wp-content\/gallery\/2006-novembre\/Bodonou_8304%20copie%20copieR.jpg?ssl=1\"><img loading=\"lazy\" decoding=\"async\" src=\"https:\/\/i0.wp.com\/mhyrdin.fr\/blog\/wordpress\/wp-content\/gallery\/2006-novembre\/Bodonou_8304%20copie%20copieR.jpg?h=170\" alt=\"Bodonou\" width=\"255\" height=\"170\" \/><\/a><p class=\"jig-HTMLdescription\">Bodonou<\/p><\/li><li><a href=\"https:\/\/i0.wp.com\/mhyrdin.fr\/blog\/wordpress\/wp-content\/gallery\/2006-novembre\/Moineau%208326R.jpg?ssl=1\"><img loading=\"lazy\" decoding=\"async\" src=\"https:\/\/i0.wp.com\/mhyrdin.fr\/blog\/wordpress\/wp-content\/gallery\/2006-novembre\/Moineau%208326R.jpg?h=170\" alt=\"Moineau domestique\" width=\"227\" height=\"170\" \/><\/a><p class=\"jig-HTMLdescription\">Moineau domestique<\/p><\/li><li><a href=\"https:\/\/i0.wp.com\/mhyrdin.fr\/blog\/wordpress\/wp-content\/gallery\/2006-novembre\/Macreuse%20noire%208340R.jpg?ssl=1\"><img loading=\"lazy\" decoding=\"async\" src=\"https:\/\/i0.wp.com\/mhyrdin.fr\/blog\/wordpress\/wp-content\/gallery\/2006-novembre\/Macreuse%20noire%208340R.jpg?h=170\" alt=\"Macreuse noire\" width=\"227\" height=\"170\" \/><\/a><p class=\"jig-HTMLdescription\">Macreuse noire<\/p><\/li><li><a href=\"https:\/\/i0.wp.com\/mhyrdin.fr\/blog\/wordpress\/wp-content\/gallery\/2006-novembre\/Macreuse-noire-8346R.jpg?ssl=1\"><img loading=\"lazy\" decoding=\"async\" src=\"https:\/\/i0.wp.com\/mhyrdin.fr\/blog\/wordpress\/wp-content\/gallery\/2006-novembre\/Macreuse-noire-8346R.jpg?h=170\" alt=\"Macreuse noire\" width=\"227\" height=\"170\" \/><\/a><p class=\"jig-HTMLdescription\">Macreuse noire<\/p><\/li><li><a href=\"https:\/\/i0.wp.com\/mhyrdin.fr\/blog\/wordpress\/wp-content\/gallery\/2006-novembre\/Vagues_8383R.jpg?ssl=1\" title=\"Vagues_8383R\"><img loading=\"lazy\" decoding=\"async\" src=\"https:\/\/i0.wp.com\/mhyrdin.fr\/blog\/wordpress\/wp-content\/gallery\/2006-novembre\/Vagues_8383R.jpg?h=170\" alt=\"-\" width=\"272\" height=\"170\" \/><\/a><p class=\"jig-HTMLdescription\">-<br\/>Vagues_8383R<\/p><\/li><li><a href=\"https:\/\/i0.wp.com\/mhyrdin.fr\/blog\/wordpress\/wp-content\/gallery\/2006-novembre\/Tournepierre%208414%20copieR.jpg?ssl=1\"><img loading=\"lazy\" decoding=\"async\" src=\"https:\/\/i0.wp.com\/mhyrdin.fr\/blog\/wordpress\/wp-content\/gallery\/2006-novembre\/Tournepierre%208414%20copieR.jpg?h=170\" alt=\"Tournepierre \u00e0 collier\" width=\"255\" height=\"170\" \/><\/a><p class=\"jig-HTMLdescription\">Tournepierre \u00e0 collier<\/p><\/li><li><a href=\"https:\/\/i0.wp.com\/mhyrdin.fr\/blog\/wordpress\/wp-content\/gallery\/2006-novembre\/Eoliennes%208444.jpg?ssl=1\"><img loading=\"lazy\" decoding=\"async\" src=\"https:\/\/i0.wp.com\/mhyrdin.fr\/blog\/wordpress\/wp-content\/gallery\/2006-novembre\/Eoliennes%208444.jpg?h=170\" alt=\"\u00c9oliennes\" width=\"272\" height=\"170\" \/><\/a><p class=\"jig-HTMLdescription\">\u00c9oliennes<\/p><\/li><li><a href=\"https:\/\/i0.wp.com\/mhyrdin.fr\/blog\/wordpress\/wp-content\/gallery\/2006-novembre\/Panorama_4R.jpg?ssl=1\" title=\"Panorama_4R\"><img loading=\"lazy\" decoding=\"async\" src=\"https:\/\/i0.wp.com\/mhyrdin.fr\/blog\/wordpress\/wp-content\/gallery\/2006-novembre\/Panorama_4R.jpg?h=170\" alt=\"Lampaul-Ploudalm\u00e9zeau\" width=\"455\" height=\"170\" \/><\/a><p class=\"jig-HTMLdescription\">Lampaul-Ploudalm\u00e9zeau<br\/>Panorama_4R<\/p><\/li><li><a href=\"https:\/\/i0.wp.com\/mhyrdin.fr\/blog\/wordpress\/wp-content\/gallery\/2006-novembre\/IMG_8447.JPG?ssl=1\" title=\"IMG_8447\"><img loading=\"lazy\" decoding=\"async\" src=\"https:\/\/i0.wp.com\/mhyrdin.fr\/blog\/wordpress\/wp-content\/gallery\/2006-novembre\/IMG_8447.JPG?h=170\" alt=\"--\" width=\"272\" height=\"170\" \/><\/a><p class=\"jig-HTMLdescription\">--<br\/>IMG_8447<\/p><\/li><li><a href=\"https:\/\/i0.wp.com\/mhyrdin.fr\/blog\/wordpress\/wp-content\/gallery\/2006-novembre\/Faucon%20pelerin%208449R.jpg?ssl=1\"><img loading=\"lazy\" decoding=\"async\" src=\"https:\/\/i0.wp.com\/mhyrdin.fr\/blog\/wordpress\/wp-content\/gallery\/2006-novembre\/Faucon%20pelerin%208449R.jpg?h=170\" alt=\"Faucon p\u00e8lerin\" width=\"227\" height=\"170\" \/><\/a><p class=\"jig-HTMLdescription\">Faucon p\u00e8lerin<\/p><\/li><li><a href=\"https:\/\/i0.wp.com\/mhyrdin.fr\/blog\/wordpress\/wp-content\/gallery\/2006-novembre\/Arc%20en%20ciel%208455.jpg?ssl=1\"><img loading=\"lazy\" decoding=\"async\" src=\"https:\/\/i0.wp.com\/mhyrdin.fr\/blog\/wordpress\/wp-content\/gallery\/2006-novembre\/Arc%20en%20ciel%208455.jpg?h=170\" alt=\"Arc en ciel\" width=\"128\" height=\"170\" \/><\/a><p class=\"jig-HTMLdescription\">Arc en ciel<\/p><\/li><li><a href=\"https:\/\/i0.wp.com\/mhyrdin.fr\/blog\/wordpress\/wp-content\/gallery\/2006-novembre\/Arc%20en%20ciel%208459R.jpg?ssl=1\"><img loading=\"lazy\" decoding=\"async\" src=\"https:\/\/i0.wp.com\/mhyrdin.fr\/blog\/wordpress\/wp-content\/gallery\/2006-novembre\/Arc%20en%20ciel%208459R.jpg?h=170\" alt=\"Arc en ciel\" width=\"124\" height=\"170\" \/><\/a><p class=\"jig-HTMLdescription\">Arc en ciel<\/p><\/li><\/ul><\/noscript><\/div><div id=\"jig1-developerLink\" class=\"jig-developerLink\"><a href=\"https:\/\/justifiedgrid.com\/\" target=\"_blank\" title=\"Justified Image Grid - Premium WordPress Gallery\">powered by Justified Image Grid<\/a><\/div>\n<h3>Related Images:<\/h3>","protected":false},"excerpt":{"rendered":"<p>-Postier bretonHuitrier pieBodonouChardon (Cirse commun)BodonouMoineau domestiqueMacreuse noireMacreuse noire-Vagues_8383RTournepierre \u00e0 collier\u00c9oliennesLampaul-Ploudalm\u00e9zeauPanorama_4R&#8211;IMG_8447Faucon p\u00e8lerinArc en cielArc en cielpowered by Justified Image Grid Related Images:<\/p>\n","protected":false},"author":4,"featured_media":0,"parent":10364,"menu_order":11,"comment_status":"closed","ping_status":"closed","template":"","meta":{"ngg_post_thumbnail":0,"jetpack_post_was_ever_published":false,"footnotes":"","_links_to":"","_links_to_target":""},"class_list":["post-24635","page","type-page","status-publish","hentry"],"jetpack_shortlink":"https:\/\/wp.me\/P9lSZN-6pl","jetpack_sharing_enabled":true,"_links":{"self":[{"href":"https:\/\/mhyrdin.fr\/blog\/wp-json\/wp\/v2\/pages\/24635","targetHints":{"allow":["GET"]}}],"collection":[{"href":"https:\/\/mhyrdin.fr\/blog\/wp-json\/wp\/v2\/pages"}],"about":[{"href":"https:\/\/mhyrdin.fr\/blog\/wp-json\/wp\/v2\/types\/page"}],"author":[{"embeddable":true,"href":"https:\/\/mhyrdin.fr\/blog\/wp-json\/wp\/v2\/users\/4"}],"replies":[{"embeddable":true,"href":"https:\/\/mhyrdin.fr\/blog\/wp-json\/wp\/v2\/comments?post=24635"}],"version-history":[{"count":3,"href":"https:\/\/mhyrdin.fr\/blog\/wp-json\/wp\/v2\/pages\/24635\/revisions"}],"predecessor-version":[{"id":25523,"href":"https:\/\/mhyrdin.fr\/blog\/wp-json\/wp\/v2\/pages\/24635\/revisions\/25523"}],"up":[{"embeddable":true,"href":"https:\/\/mhyrdin.fr\/blog\/wp-json\/wp\/v2\/pages\/10364"}],"wp:attachment":[{"href":"https:\/\/mhyrdin.fr\/blog\/wp-json\/wp\/v2\/media?parent=24635"}],"curies":[{"name":"wp","href":"https:\/\/api.w.org\/{rel}","templated":true}]}}