{"id":24253,"date":"2022-10-23T18:28:52","date_gmt":"2022-10-23T16:28:52","guid":{"rendered":"https:\/\/mhyrdin.fr\/blog\/2013-2\/juillet\/juillet-des-insectes\/"},"modified":"2022-10-23T18:28:52","modified_gmt":"2022-10-23T16:28:52","slug":"juillet-des-insectes","status":"publish","type":"page","link":"https:\/\/mhyrdin.fr\/blog\/archives-numeriques\/2013-2\/juillet\/juillet-des-insectes\/","title":{"rendered":"Juillet, des insectes"},"content":{"rendered":"<div id=\"jig1\" class=\"justified-image-grid jig-1a2aa57a400fb54a4875175952d2861b jig-preset-global jig-source-nextgen\"><div class=\"jig-clearfix\"><\/div><noscript id=\"jig1-html\" class=\"justified-image-grid-html\" data-lazy-src=\"skiplazyload\" data-src=\"skipunveillazyload\"><ul><li><a href=\"https:\/\/i0.wp.com\/mhyrdin.fr\/blog\/wordpress\/wp-content\/gallery\/juillet2013-4\/calliptamus-barbarus-marginella_0250.jpg?ssl=1\"><img loading=\"lazy\" decoding=\"async\" src=\"https:\/\/i0.wp.com\/mhyrdin.fr\/blog\/wordpress\/wp-content\/gallery\/juillet2013-4\/calliptamus-barbarus-marginella_0250.jpg?h=170\" alt=\"Criquet\" width=\"231\" height=\"170\" \/><\/a><p class=\"jig-HTMLdescription\">Criquet<\/p><\/li><li><a href=\"https:\/\/i0.wp.com\/mhyrdin.fr\/blog\/wordpress\/wp-content\/gallery\/juillet2013-4\/orthtrum-reticule_0264.jpg?ssl=1\"><img loading=\"lazy\" decoding=\"async\" src=\"https:\/\/i0.wp.com\/mhyrdin.fr\/blog\/wordpress\/wp-content\/gallery\/juillet2013-4\/orthtrum-reticule_0264.jpg?h=170\" alt=\"Agression !\" width=\"231\" height=\"170\" \/><\/a><p class=\"jig-HTMLdescription\">Agression !<\/p><\/li><li><a href=\"https:\/\/i0.wp.com\/mhyrdin.fr\/blog\/wordpress\/wp-content\/gallery\/juillet2013-4\/caliptamus-barbarus_9696.jpg?ssl=1\"><img loading=\"lazy\" decoding=\"async\" src=\"https:\/\/i0.wp.com\/mhyrdin.fr\/blog\/wordpress\/wp-content\/gallery\/juillet2013-4\/caliptamus-barbarus_9696.jpg?h=170\" alt=\"Calopt\u00e8me ochrac\u00e9\" width=\"231\" height=\"170\" \/><\/a><p class=\"jig-HTMLdescription\">Calopt\u00e8me ochrac\u00e9<\/p><\/li><li><a href=\"https:\/\/i0.wp.com\/mhyrdin.fr\/blog\/wordpress\/wp-content\/gallery\/juillet2013-4\/oryctes-nasicornis_hf_021.jpg?ssl=1\"><img loading=\"lazy\" decoding=\"async\" src=\"https:\/\/i0.wp.com\/mhyrdin.fr\/blog\/wordpress\/wp-content\/gallery\/juillet2013-4\/oryctes-nasicornis_hf_021.jpg?h=170\" alt=\"Rhinoc\u00e9ros femelle - Oryctes nasicornis\" width=\"106\" height=\"170\" \/><\/a><p class=\"jig-HTMLdescription\">Rhinoc\u00e9ros femelle - Oryctes nasicornis<\/p><\/li><li><a href=\"https:\/\/i0.wp.com\/mhyrdin.fr\/blog\/wordpress\/wp-content\/gallery\/juillet2013-4\/oryctes-nasicornis_hf_028.jpg?ssl=1\"><img loading=\"lazy\" decoding=\"async\" src=\"https:\/\/i0.wp.com\/mhyrdin.fr\/blog\/wordpress\/wp-content\/gallery\/juillet2013-4\/oryctes-nasicornis_hf_028.jpg?h=170\" alt=\"Rhinoc\u00e9ros femelle - Oryctes nasicornis\" width=\"231\" height=\"170\" \/><\/a><p class=\"jig-HTMLdescription\">Rhinoc\u00e9ros femelle - Oryctes nasicornis<\/p><\/li><li><a href=\"https:\/\/i0.wp.com\/mhyrdin.fr\/blog\/wordpress\/wp-content\/gallery\/juillet2013-4\/oryctes-nasicornis_hf_034.jpg?ssl=1\"><img loading=\"lazy\" decoding=\"async\" src=\"https:\/\/i0.wp.com\/mhyrdin.fr\/blog\/wordpress\/wp-content\/gallery\/juillet2013-4\/oryctes-nasicornis_hf_034.jpg?h=170\" alt=\"Rhinoc\u00e9ros femelle - Oryctes nasicornis\" width=\"231\" height=\"170\" \/><\/a><p class=\"jig-HTMLdescription\">Rhinoc\u00e9ros femelle - Oryctes nasicornis<\/p><\/li><li><a href=\"https:\/\/i0.wp.com\/mhyrdin.fr\/blog\/wordpress\/wp-content\/gallery\/juillet2013-4\/protaetia-morio_001.jpg?ssl=1\"><img loading=\"lazy\" decoding=\"async\" src=\"https:\/\/i0.wp.com\/mhyrdin.fr\/blog\/wordpress\/wp-content\/gallery\/juillet2013-4\/protaetia-morio_001.jpg?h=170\" alt=\"Protaetia morio\" width=\"231\" height=\"170\" \/><\/a><p class=\"jig-HTMLdescription\">Protaetia morio<\/p><\/li><li><a href=\"https:\/\/i0.wp.com\/mhyrdin.fr\/blog\/wordpress\/wp-content\/gallery\/juillet2013-4\/protaetia-morio_hf_183.jpg?ssl=1\"><img loading=\"lazy\" decoding=\"async\" src=\"https:\/\/i0.wp.com\/mhyrdin.fr\/blog\/wordpress\/wp-content\/gallery\/juillet2013-4\/protaetia-morio_hf_183.jpg?h=170\" alt=\"Protaetia morio\" width=\"231\" height=\"170\" \/><\/a><p class=\"jig-HTMLdescription\">Protaetia morio<\/p><\/li><li><a href=\"https:\/\/i0.wp.com\/mhyrdin.fr\/blog\/wordpress\/wp-content\/gallery\/juillet2013-4\/tibicina-garricola_046.jpg?ssl=1\"><img loading=\"lazy\" decoding=\"async\" src=\"https:\/\/i0.wp.com\/mhyrdin.fr\/blog\/wordpress\/wp-content\/gallery\/juillet2013-4\/tibicina-garricola_046.jpg?h=170\" alt=\"Cigale des garrigues -Tibicina garricola\" width=\"106\" height=\"170\" \/><\/a><p class=\"jig-HTMLdescription\">Cigale des garrigues -Tibicina garricola<\/p><\/li><li><a href=\"https:\/\/i0.wp.com\/mhyrdin.fr\/blog\/wordpress\/wp-content\/gallery\/juillet2013-4\/tibicina-garricola_9926.jpg?ssl=1\"><img loading=\"lazy\" decoding=\"async\" src=\"https:\/\/i0.wp.com\/mhyrdin.fr\/blog\/wordpress\/wp-content\/gallery\/juillet2013-4\/tibicina-garricola_9926.jpg?h=170\" alt=\"Cigale des garrigues -Tibicina garricola\" width=\"113\" height=\"170\" \/><\/a><p class=\"jig-HTMLdescription\">Cigale des garrigues -Tibicina garricola<\/p><\/li><li><a href=\"https:\/\/i0.wp.com\/mhyrdin.fr\/blog\/wordpress\/wp-content\/gallery\/juillet2013-4\/mylabre-variable_400mm_9809.jpg?ssl=1\"><img loading=\"lazy\" decoding=\"async\" src=\"https:\/\/i0.wp.com\/mhyrdin.fr\/blog\/wordpress\/wp-content\/gallery\/juillet2013-4\/mylabre-variable_400mm_9809.jpg?h=170\" alt=\"Mylabre variable\" width=\"231\" height=\"170\" \/><\/a><p class=\"jig-HTMLdescription\">Mylabre variable<\/p><\/li><li><a href=\"https:\/\/i0.wp.com\/mhyrdin.fr\/blog\/wordpress\/wp-content\/gallery\/juillet2013-4\/mylabre-4points_400mm_9790.jpg?ssl=1\"><img loading=\"lazy\" decoding=\"async\" src=\"https:\/\/i0.wp.com\/mhyrdin.fr\/blog\/wordpress\/wp-content\/gallery\/juillet2013-4\/mylabre-4points_400mm_9790.jpg?h=170\" alt=\"Mylabre \u00e0 quatre points\" width=\"106\" height=\"170\" \/><\/a><p class=\"jig-HTMLdescription\">Mylabre \u00e0 quatre points<\/p><\/li><li><a href=\"https:\/\/i0.wp.com\/mhyrdin.fr\/blog\/wordpress\/wp-content\/gallery\/juillet2013-4\/lepture-cordigere_9742.jpg?ssl=1\"><img loading=\"lazy\" decoding=\"async\" src=\"https:\/\/i0.wp.com\/mhyrdin.fr\/blog\/wordpress\/wp-content\/gallery\/juillet2013-4\/lepture-cordigere_9742.jpg?h=170\" alt=\"Lepture cordig\u00e8re\" width=\"231\" height=\"170\" \/><\/a><p class=\"jig-HTMLdescription\">Lepture cordig\u00e8re<\/p><\/li><li><a href=\"https:\/\/i0.wp.com\/mhyrdin.fr\/blog\/wordpress\/wp-content\/gallery\/juillet2013-4\/lepture-cordigere_9740.jpg?ssl=1\"><img loading=\"lazy\" decoding=\"async\" src=\"https:\/\/i0.wp.com\/mhyrdin.fr\/blog\/wordpress\/wp-content\/gallery\/juillet2013-4\/lepture-cordigere_9740.jpg?h=170\" alt=\"Lepture cordig\u00e8re\" width=\"231\" height=\"170\" \/><\/a><p class=\"jig-HTMLdescription\">Lepture cordig\u00e8re<\/p><\/li><li><a href=\"https:\/\/i0.wp.com\/mhyrdin.fr\/blog\/wordpress\/wp-content\/gallery\/juillet2013-4\/lampyre_9022.jpg?ssl=1\" title=\"lampyre_9022\"><img loading=\"lazy\" decoding=\"async\" src=\"https:\/\/i0.wp.com\/mhyrdin.fr\/blog\/wordpress\/wp-content\/gallery\/juillet2013-4\/lampyre_9022.jpg?h=170\" alt=\"lampyre (ver luisant)\" width=\"231\" height=\"170\" \/><\/a><p class=\"jig-HTMLdescription\">lampyre (ver luisant)<br\/>lampyre_9022<\/p><\/li><li><a href=\"https:\/\/i0.wp.com\/mhyrdin.fr\/blog\/wordpress\/wp-content\/gallery\/juillet2013-4\/lampyre_9031-2.jpg?ssl=1\"><img loading=\"lazy\" decoding=\"async\" src=\"https:\/\/i0.wp.com\/mhyrdin.fr\/blog\/wordpress\/wp-content\/gallery\/juillet2013-4\/lampyre_9031-2.jpg?h=170\" alt=\"lampyre (ver luisant)\" width=\"231\" height=\"170\" \/><\/a><p class=\"jig-HTMLdescription\">lampyre (ver luisant)<\/p><\/li><li><a href=\"https:\/\/i0.wp.com\/mhyrdin.fr\/blog\/wordpress\/wp-content\/gallery\/juillet2013-4\/fourmilion_8970.jpg?ssl=1\" title=\"fourmilion_8970\"><img loading=\"lazy\" decoding=\"async\" src=\"https:\/\/i0.wp.com\/mhyrdin.fr\/blog\/wordpress\/wp-content\/gallery\/juillet2013-4\/fourmilion_8970.jpg?h=170\" alt=\"Fourmilion g\u00e9ant femelle\" width=\"231\" height=\"170\" \/><\/a><p class=\"jig-HTMLdescription\">Fourmilion g\u00e9ant femelle<br\/>fourmilion_8970<\/p><\/li><li><a href=\"https:\/\/i0.wp.com\/mhyrdin.fr\/blog\/wordpress\/wp-content\/gallery\/juillet2013-4\/fourmilion_8973.jpg?ssl=1\" title=\"fourmilion_8973\"><img loading=\"lazy\" decoding=\"async\" src=\"https:\/\/i0.wp.com\/mhyrdin.fr\/blog\/wordpress\/wp-content\/gallery\/juillet2013-4\/fourmilion_8973.jpg?h=170\" alt=\"Fourmilion g\u00e9ant m\u00e2le\" width=\"106\" height=\"170\" \/><\/a><p class=\"jig-HTMLdescription\">Fourmilion g\u00e9ant m\u00e2le<br\/>fourmilion_8973<\/p><\/li><li><a href=\"https:\/\/i0.wp.com\/mhyrdin.fr\/blog\/wordpress\/wp-content\/gallery\/juillet2013-4\/cigale_9244.jpg?ssl=1\" title=\"cigale_9244\"><img loading=\"lazy\" decoding=\"async\" src=\"https:\/\/i0.wp.com\/mhyrdin.fr\/blog\/wordpress\/wp-content\/gallery\/juillet2013-4\/cigale_9244.jpg?h=170\" alt=\"Les copines\" width=\"231\" height=\"170\" \/><\/a><p class=\"jig-HTMLdescription\">Les copines<br\/>cigale_9244<\/p><\/li><li><a href=\"https:\/\/i0.wp.com\/mhyrdin.fr\/blog\/wordpress\/wp-content\/gallery\/juillet2013-4\/cigale_9250.jpg?ssl=1\" title=\"cigale_9250\"><img loading=\"lazy\" decoding=\"async\" src=\"https:\/\/i0.wp.com\/mhyrdin.fr\/blog\/wordpress\/wp-content\/gallery\/juillet2013-4\/cigale_9250.jpg?h=170\" alt=\"Cigale\" width=\"231\" height=\"170\" \/><\/a><p class=\"jig-HTMLdescription\">Cigale<br\/>cigale_9250<\/p><\/li><li><a href=\"https:\/\/i0.wp.com\/mhyrdin.fr\/blog\/wordpress\/wp-content\/gallery\/juillet2013-4\/cigale_9252.jpg?ssl=1\" title=\"cigale_9252\"><img loading=\"lazy\" decoding=\"async\" src=\"https:\/\/i0.wp.com\/mhyrdin.fr\/blog\/wordpress\/wp-content\/gallery\/juillet2013-4\/cigale_9252.jpg?h=170\" alt=\"Cigale\" width=\"106\" height=\"170\" \/><\/a><p class=\"jig-HTMLdescription\">Cigale<br\/>cigale_9252<\/p><\/li><\/ul><\/noscript><\/div><div id=\"jig1-developerLink\" class=\"jig-developerLink\"><a href=\"https:\/\/justifiedgrid.com\/\" target=\"_blank\" title=\"Justified Image Grid - Premium WordPress Gallery\">powered by Justified Image Grid<\/a><\/div>\n<h3>Related Images:<\/h3>","protected":false},"excerpt":{"rendered":"<p>CriquetAgression !Calopt\u00e8me ochrac\u00e9Rhinoc\u00e9ros femelle &#8211; Oryctes nasicornisRhinoc\u00e9ros femelle &#8211; Oryctes nasicornisRhinoc\u00e9ros femelle &#8211; Oryctes nasicornisProtaetia morioProtaetia morioCigale des garrigues -Tibicina garricolaCigale des garrigues -Tibicina garricolaMylabre variableMylabre \u00e0 quatre pointsLepture cordig\u00e8reLepture cordig\u00e8relampyre (ver luisant)lampyre_9022lampyre (ver luisant)Fourmilion g\u00e9ant femellefourmilion_8970Fourmilion g\u00e9ant m\u00e2lefourmilion_8973Les copinescigale_9244Cigalecigale_9250Cigalecigale_9252powered by Justified Image Grid Related Images:<\/p>\n","protected":false},"author":4,"featured_media":0,"parent":2088,"menu_order":0,"comment_status":"closed","ping_status":"closed","template":"","meta":{"ngg_post_thumbnail":0,"jetpack_post_was_ever_published":false,"footnotes":"","_links_to":"","_links_to_target":""},"class_list":["post-24253","page","type-page","status-publish","hentry"],"jetpack_shortlink":"https:\/\/wp.me\/P9lSZN-6jb","jetpack_sharing_enabled":true,"_links":{"self":[{"href":"https:\/\/mhyrdin.fr\/blog\/wp-json\/wp\/v2\/pages\/24253","targetHints":{"allow":["GET"]}}],"collection":[{"href":"https:\/\/mhyrdin.fr\/blog\/wp-json\/wp\/v2\/pages"}],"about":[{"href":"https:\/\/mhyrdin.fr\/blog\/wp-json\/wp\/v2\/types\/page"}],"author":[{"embeddable":true,"href":"https:\/\/mhyrdin.fr\/blog\/wp-json\/wp\/v2\/users\/4"}],"replies":[{"embeddable":true,"href":"https:\/\/mhyrdin.fr\/blog\/wp-json\/wp\/v2\/comments?post=24253"}],"version-history":[{"count":0,"href":"https:\/\/mhyrdin.fr\/blog\/wp-json\/wp\/v2\/pages\/24253\/revisions"}],"up":[{"embeddable":true,"href":"https:\/\/mhyrdin.fr\/blog\/wp-json\/wp\/v2\/pages\/2088"}],"wp:attachment":[{"href":"https:\/\/mhyrdin.fr\/blog\/wp-json\/wp\/v2\/media?parent=24253"}],"curies":[{"name":"wp","href":"https:\/\/api.w.org\/{rel}","templated":true}]}}