{"id":23550,"date":"2022-10-17T08:27:48","date_gmt":"2022-10-17T06:27:48","guid":{"rendered":"https:\/\/mhyrdin.fr\/blog\/2017-2\/avril-2017\/le-crotoy\/"},"modified":"2022-10-17T08:27:48","modified_gmt":"2022-10-17T06:27:48","slug":"le-crotoy","status":"publish","type":"page","link":"https:\/\/mhyrdin.fr\/blog\/archives-numeriques\/2017-2\/avril-2017\/le-crotoy\/","title":{"rendered":"Le Crotoy"},"content":{"rendered":"<div id=\"jig1\" class=\"justified-image-grid jig-6312440df6a5bf6e8c8106619348b3e9 jig-preset-global jig-source-nextgen\"><div class=\"jig-clearfix\"><\/div><noscript id=\"jig1-html\" class=\"justified-image-grid-html\" data-lazy-src=\"skiplazyload\" data-src=\"skipunveillazyload\"><ul><li><a href=\"https:\/\/i0.wp.com\/mhyrdin.fr\/blog\/wordpress\/wp-content\/gallery\/avril2017-crotoy\/Baie-d-Authie_4755.jpg?ssl=1\"><img loading=\"lazy\" decoding=\"async\" src=\"https:\/\/i0.wp.com\/mhyrdin.fr\/blog\/wordpress\/wp-content\/gallery\/avril2017-crotoy\/Baie-d-Authie_4755.jpg?h=170\" alt=\"Baie d-Authie\" width=\"255\" height=\"170\" \/><\/a><p class=\"jig-HTMLdescription\">Baie d-Authie<\/p><\/li><li><a href=\"https:\/\/i0.wp.com\/mhyrdin.fr\/blog\/wordpress\/wp-content\/gallery\/avril2017-crotoy\/Berck-Phare_1690.jpg?ssl=1\"><img loading=\"lazy\" decoding=\"async\" src=\"https:\/\/i0.wp.com\/mhyrdin.fr\/blog\/wordpress\/wp-content\/gallery\/avril2017-crotoy\/Berck-Phare_1690.jpg?h=170\" alt=\"Berck, le Phare\" width=\"255\" height=\"170\" \/><\/a><p class=\"jig-HTMLdescription\">Berck, le Phare<\/p><\/li><li><a href=\"https:\/\/i0.wp.com\/mhyrdin.fr\/blog\/wordpress\/wp-content\/gallery\/avril2017-crotoy\/Le-Hourdel_4761.jpg?ssl=1\"><img loading=\"lazy\" decoding=\"async\" src=\"https:\/\/i0.wp.com\/mhyrdin.fr\/blog\/wordpress\/wp-content\/gallery\/avril2017-crotoy\/Le-Hourdel_4761.jpg?h=170\" alt=\"Le Hourdel\" width=\"255\" height=\"170\" \/><\/a><p class=\"jig-HTMLdescription\">Le Hourdel<\/p><\/li><li><a href=\"https:\/\/i0.wp.com\/mhyrdin.fr\/blog\/wordpress\/wp-content\/gallery\/avril2017-crotoy\/Le-Hourdel_4760.jpg?ssl=1\"><img loading=\"lazy\" decoding=\"async\" src=\"https:\/\/i0.wp.com\/mhyrdin.fr\/blog\/wordpress\/wp-content\/gallery\/avril2017-crotoy\/Le-Hourdel_4760.jpg?h=170\" alt=\"Le Hourdel\" width=\"276\" height=\"170\" \/><\/a><p class=\"jig-HTMLdescription\">Le Hourdel<\/p><\/li><li><a href=\"https:\/\/i0.wp.com\/mhyrdin.fr\/blog\/wordpress\/wp-content\/gallery\/avril2017-crotoy\/Le-Hourdel_4769.jpg?ssl=1\"><img loading=\"lazy\" decoding=\"async\" src=\"https:\/\/i0.wp.com\/mhyrdin.fr\/blog\/wordpress\/wp-content\/gallery\/avril2017-crotoy\/Le-Hourdel_4769.jpg?h=170\" alt=\"Le Hourdel\" width=\"113\" height=\"170\" \/><\/a><p class=\"jig-HTMLdescription\">Le Hourdel<\/p><\/li><li><a href=\"https:\/\/i0.wp.com\/mhyrdin.fr\/blog\/wordpress\/wp-content\/gallery\/avril2017-crotoy\/Le-Hourdel_4770.jpg?ssl=1\"><img loading=\"lazy\" decoding=\"async\" src=\"https:\/\/i0.wp.com\/mhyrdin.fr\/blog\/wordpress\/wp-content\/gallery\/avril2017-crotoy\/Le-Hourdel_4770.jpg?h=170\" alt=\"Le Hourdel\" width=\"113\" height=\"170\" \/><\/a><p class=\"jig-HTMLdescription\">Le Hourdel<\/p><\/li><li><a href=\"https:\/\/i0.wp.com\/mhyrdin.fr\/blog\/wordpress\/wp-content\/gallery\/avril2017-crotoy\/Canard-pilet_1145.jpg?ssl=1\"><img loading=\"lazy\" decoding=\"async\" src=\"https:\/\/i0.wp.com\/mhyrdin.fr\/blog\/wordpress\/wp-content\/gallery\/avril2017-crotoy\/Canard-pilet_1145.jpg?h=170\" alt=\"Canard pilet\" width=\"255\" height=\"170\" \/><\/a><p class=\"jig-HTMLdescription\">Canard pilet<\/p><\/li><li><a href=\"https:\/\/i0.wp.com\/mhyrdin.fr\/blog\/wordpress\/wp-content\/gallery\/avril2017-crotoy\/Canard-souchet_0997.jpg?ssl=1\"><img loading=\"lazy\" decoding=\"async\" src=\"https:\/\/i0.wp.com\/mhyrdin.fr\/blog\/wordpress\/wp-content\/gallery\/avril2017-crotoy\/Canard-souchet_0997.jpg?h=170\" alt=\"Canard souchet\" width=\"113\" height=\"170\" \/><\/a><p class=\"jig-HTMLdescription\">Canard souchet<\/p><\/li><li><a href=\"https:\/\/i0.wp.com\/mhyrdin.fr\/blog\/wordpress\/wp-content\/gallery\/avril2017-crotoy\/Canard-souchet_0998.jpg?ssl=1\"><img loading=\"lazy\" decoding=\"async\" src=\"https:\/\/i0.wp.com\/mhyrdin.fr\/blog\/wordpress\/wp-content\/gallery\/avril2017-crotoy\/Canard-souchet_0998.jpg?h=170\" alt=\"Canard souchet\" width=\"255\" height=\"170\" \/><\/a><p class=\"jig-HTMLdescription\">Canard souchet<\/p><\/li><li><a href=\"https:\/\/i0.wp.com\/mhyrdin.fr\/blog\/wordpress\/wp-content\/gallery\/avril2017-crotoy\/Cheval-Henson_0930.jpg?ssl=1\"><img loading=\"lazy\" decoding=\"async\" src=\"https:\/\/i0.wp.com\/mhyrdin.fr\/blog\/wordpress\/wp-content\/gallery\/avril2017-crotoy\/Cheval-Henson_0930.jpg?h=170\" alt=\"Cheval Henson\" width=\"255\" height=\"170\" \/><\/a><p class=\"jig-HTMLdescription\">Cheval Henson<\/p><\/li><li><a href=\"https:\/\/i0.wp.com\/mhyrdin.fr\/blog\/wordpress\/wp-content\/gallery\/avril2017-crotoy\/Cheval-Henson_0935.jpg?ssl=1\"><img loading=\"lazy\" decoding=\"async\" src=\"https:\/\/i0.wp.com\/mhyrdin.fr\/blog\/wordpress\/wp-content\/gallery\/avril2017-crotoy\/Cheval-Henson_0935.jpg?h=170\" alt=\"Cheval Henson\" width=\"113\" height=\"170\" \/><\/a><p class=\"jig-HTMLdescription\">Cheval Henson<\/p><\/li><li><a href=\"https:\/\/i0.wp.com\/mhyrdin.fr\/blog\/wordpress\/wp-content\/gallery\/avril2017-crotoy\/Foulque-macroule_0783.jpg?ssl=1\"><img loading=\"lazy\" decoding=\"async\" src=\"https:\/\/i0.wp.com\/mhyrdin.fr\/blog\/wordpress\/wp-content\/gallery\/avril2017-crotoy\/Foulque-macroule_0783.jpg?h=170\" alt=\"Foulque macroule\" width=\"255\" height=\"170\" \/><\/a><p class=\"jig-HTMLdescription\">Foulque macroule<\/p><\/li><li><a href=\"https:\/\/i0.wp.com\/mhyrdin.fr\/blog\/wordpress\/wp-content\/gallery\/avril2017-crotoy\/Fuligule-milouin_0921.jpg?ssl=1\"><img loading=\"lazy\" decoding=\"async\" src=\"https:\/\/i0.wp.com\/mhyrdin.fr\/blog\/wordpress\/wp-content\/gallery\/avril2017-crotoy\/Fuligule-milouin_0921.jpg?h=170\" alt=\"Fuligule milouin\" width=\"255\" height=\"170\" \/><\/a><p class=\"jig-HTMLdescription\">Fuligule milouin<\/p><\/li><li><a href=\"https:\/\/i0.wp.com\/mhyrdin.fr\/blog\/wordpress\/wp-content\/gallery\/avril2017-crotoy\/Gr%C3%A8be-%C3%A0-cou-noir_1126.jpg?ssl=1\"><img loading=\"lazy\" decoding=\"async\" src=\"https:\/\/i0.wp.com\/mhyrdin.fr\/blog\/wordpress\/wp-content\/gallery\/avril2017-crotoy\/Gr%C3%A8be-%C3%A0-cou-noir_1126.jpg?h=170\" alt=\"Gr\u00e8be \u00e0 cou noir\" width=\"255\" height=\"170\" \/><\/a><p class=\"jig-HTMLdescription\">Gr\u00e8be \u00e0 cou noir<\/p><\/li><li><a href=\"https:\/\/i0.wp.com\/mhyrdin.fr\/blog\/wordpress\/wp-content\/gallery\/avril2017-crotoy\/Hibou-des-marais_1063.jpg?ssl=1\"><img loading=\"lazy\" decoding=\"async\" src=\"https:\/\/i0.wp.com\/mhyrdin.fr\/blog\/wordpress\/wp-content\/gallery\/avril2017-crotoy\/Hibou-des-marais_1063.jpg?h=170\" alt=\"Hibou des marais\" width=\"255\" height=\"170\" \/><\/a><p class=\"jig-HTMLdescription\">Hibou des marais<\/p><\/li><li><a href=\"https:\/\/i0.wp.com\/mhyrdin.fr\/blog\/wordpress\/wp-content\/gallery\/avril2017-crotoy\/Mouette-rieuse_0941.jpg?ssl=1\"><img loading=\"lazy\" decoding=\"async\" src=\"https:\/\/i0.wp.com\/mhyrdin.fr\/blog\/wordpress\/wp-content\/gallery\/avril2017-crotoy\/Mouette-rieuse_0941.jpg?h=170\" alt=\"Mouette rieuse\" width=\"255\" height=\"170\" \/><\/a><p class=\"jig-HTMLdescription\">Mouette rieuse<\/p><\/li><li><a href=\"https:\/\/i0.wp.com\/mhyrdin.fr\/blog\/wordpress\/wp-content\/gallery\/avril2017-crotoy\/Mouette-rieuse_1728.jpg?ssl=1\"><img loading=\"lazy\" decoding=\"async\" src=\"https:\/\/i0.wp.com\/mhyrdin.fr\/blog\/wordpress\/wp-content\/gallery\/avril2017-crotoy\/Mouette-rieuse_1728.jpg?h=170\" alt=\"Mouette rieuse\" width=\"255\" height=\"170\" \/><\/a><p class=\"jig-HTMLdescription\">Mouette rieuse<\/p><\/li><li><a href=\"https:\/\/i0.wp.com\/mhyrdin.fr\/blog\/wordpress\/wp-content\/gallery\/avril2017-crotoy\/Phoque-Veau-marin_1405.jpg?ssl=1\"><img loading=\"lazy\" decoding=\"async\" src=\"https:\/\/i0.wp.com\/mhyrdin.fr\/blog\/wordpress\/wp-content\/gallery\/avril2017-crotoy\/Phoque-Veau-marin_1405.jpg?h=170\" alt=\"Phoque - Veau marin\" width=\"255\" height=\"170\" \/><\/a><p class=\"jig-HTMLdescription\">Phoque - Veau marin<\/p><\/li><li><a href=\"https:\/\/i0.wp.com\/mhyrdin.fr\/blog\/wordpress\/wp-content\/gallery\/avril2017-crotoy\/Phoque-Veau-marin_1449.jpg?ssl=1\"><img loading=\"lazy\" decoding=\"async\" src=\"https:\/\/i0.wp.com\/mhyrdin.fr\/blog\/wordpress\/wp-content\/gallery\/avril2017-crotoy\/Phoque-Veau-marin_1449.jpg?h=170\" alt=\"Phoque - Veau marin\" width=\"255\" height=\"170\" \/><\/a><p class=\"jig-HTMLdescription\">Phoque - Veau marin<\/p><\/li><li><a href=\"https:\/\/i0.wp.com\/mhyrdin.fr\/blog\/wordpress\/wp-content\/gallery\/avril2017-crotoy\/Phoque-Veau-marin_1683.jpg?ssl=1\"><img loading=\"lazy\" decoding=\"async\" src=\"https:\/\/i0.wp.com\/mhyrdin.fr\/blog\/wordpress\/wp-content\/gallery\/avril2017-crotoy\/Phoque-Veau-marin_1683.jpg?h=170\" alt=\"Phoque - Veau marin\" width=\"255\" height=\"170\" \/><\/a><p class=\"jig-HTMLdescription\">Phoque - Veau marin<\/p><\/li><li><a href=\"https:\/\/i0.wp.com\/mhyrdin.fr\/blog\/wordpress\/wp-content\/gallery\/avril2017-crotoy\/Phragmite-des-joncs_1009.jpg?ssl=1\"><img loading=\"lazy\" decoding=\"async\" src=\"https:\/\/i0.wp.com\/mhyrdin.fr\/blog\/wordpress\/wp-content\/gallery\/avril2017-crotoy\/Phragmite-des-joncs_1009.jpg?h=170\" alt=\"Phragmite des joncs\" width=\"255\" height=\"170\" \/><\/a><p class=\"jig-HTMLdescription\">Phragmite des joncs<\/p><\/li><li><a href=\"https:\/\/i0.wp.com\/mhyrdin.fr\/blog\/wordpress\/wp-content\/gallery\/avril2017-crotoy\/Phragmite-des-joncs_1204.jpg?ssl=1\"><img loading=\"lazy\" decoding=\"async\" src=\"https:\/\/i0.wp.com\/mhyrdin.fr\/blog\/wordpress\/wp-content\/gallery\/avril2017-crotoy\/Phragmite-des-joncs_1204.jpg?h=170\" alt=\"Phragmite des joncs\" width=\"113\" height=\"170\" \/><\/a><p class=\"jig-HTMLdescription\">Phragmite des joncs<\/p><\/li><li><a href=\"https:\/\/i0.wp.com\/mhyrdin.fr\/blog\/wordpress\/wp-content\/gallery\/avril2017-crotoy\/Pinson-des-arbres_0793.jpg?ssl=1\"><img loading=\"lazy\" decoding=\"async\" src=\"https:\/\/i0.wp.com\/mhyrdin.fr\/blog\/wordpress\/wp-content\/gallery\/avril2017-crotoy\/Pinson-des-arbres_0793.jpg?h=170\" alt=\"Pinson des arbres\" width=\"255\" height=\"170\" \/><\/a><p class=\"jig-HTMLdescription\">Pinson des arbres<\/p><\/li><li><a href=\"https:\/\/i0.wp.com\/mhyrdin.fr\/blog\/wordpress\/wp-content\/gallery\/avril2017-crotoy\/Pouillot-fitis_1118.jpg?ssl=1\"><img loading=\"lazy\" decoding=\"async\" src=\"https:\/\/i0.wp.com\/mhyrdin.fr\/blog\/wordpress\/wp-content\/gallery\/avril2017-crotoy\/Pouillot-fitis_1118.jpg?h=170\" alt=\"Pouillot fitis\" width=\"255\" height=\"170\" \/><\/a><p class=\"jig-HTMLdescription\">Pouillot fitis<\/p><\/li><li><a href=\"https:\/\/i0.wp.com\/mhyrdin.fr\/blog\/wordpress\/wp-content\/gallery\/avril2017-crotoy\/Rat-musqu%C3%A9_0809.jpg?ssl=1\"><img loading=\"lazy\" decoding=\"async\" src=\"https:\/\/i0.wp.com\/mhyrdin.fr\/blog\/wordpress\/wp-content\/gallery\/avril2017-crotoy\/Rat-musqu%C3%A9_0809.jpg?h=170\" alt=\"Rat musqu\u00e9\" width=\"255\" height=\"170\" \/><\/a><p class=\"jig-HTMLdescription\">Rat musqu\u00e9<\/p><\/li><li><a href=\"https:\/\/i0.wp.com\/mhyrdin.fr\/blog\/wordpress\/wp-content\/gallery\/avril2017-crotoy\/Rat-musqu%C3%A9_0819.jpg?ssl=1\"><img loading=\"lazy\" decoding=\"async\" src=\"https:\/\/i0.wp.com\/mhyrdin.fr\/blog\/wordpress\/wp-content\/gallery\/avril2017-crotoy\/Rat-musqu%C3%A9_0819.jpg?h=170\" alt=\"Rat musqu\u00e9\" width=\"255\" height=\"170\" \/><\/a><p class=\"jig-HTMLdescription\">Rat musqu\u00e9<\/p><\/li><li><a href=\"https:\/\/i0.wp.com\/mhyrdin.fr\/blog\/wordpress\/wp-content\/gallery\/avril2017-crotoy\/Tarier-p%C3%A2tre_1746.jpg?ssl=1\"><img loading=\"lazy\" decoding=\"async\" src=\"https:\/\/i0.wp.com\/mhyrdin.fr\/blog\/wordpress\/wp-content\/gallery\/avril2017-crotoy\/Tarier-p%C3%A2tre_1746.jpg?h=170\" alt=\"Tarier p\u00e2tre\" width=\"255\" height=\"170\" \/><\/a><p class=\"jig-HTMLdescription\">Tarier p\u00e2tre<\/p><\/li><li><a href=\"https:\/\/i0.wp.com\/mhyrdin.fr\/blog\/wordpress\/wp-content\/gallery\/avril2017-crotoy\/Canard-X_0870.jpg?ssl=1\"><img loading=\"lazy\" decoding=\"async\" src=\"https:\/\/i0.wp.com\/mhyrdin.fr\/blog\/wordpress\/wp-content\/gallery\/avril2017-crotoy\/Canard-X_0870.jpg?h=170\" alt=\"Un savant m\u00e9lange...\" width=\"255\" height=\"170\" \/><\/a><p class=\"jig-HTMLdescription\">Un savant m\u00e9lange...<\/p><\/li><li><a href=\"https:\/\/i0.wp.com\/mhyrdin.fr\/blog\/wordpress\/wp-content\/gallery\/avril2017-crotoy\/Sarcelle_0835.jpg?ssl=1\" title=\"de la Sarcelle ? Il y en a...\"><img loading=\"lazy\" decoding=\"async\" src=\"https:\/\/i0.wp.com\/mhyrdin.fr\/blog\/wordpress\/wp-content\/gallery\/avril2017-crotoy\/Sarcelle_0835.jpg?h=170\" alt=\"Un autre m\u00e9lange\" width=\"255\" height=\"170\" \/><\/a><p class=\"jig-HTMLdescription\">Un autre m\u00e9lange<br\/>de la Sarcelle ? Il y en a...<\/p><\/li><li><a href=\"https:\/\/i0.wp.com\/mhyrdin.fr\/blog\/wordpress\/wp-content\/gallery\/avril2017-crotoy\/Sarcelle_0858.jpg?ssl=1\" title=\"de la Sarcelle ? Il y en a...\"><img loading=\"lazy\" decoding=\"async\" src=\"https:\/\/i0.wp.com\/mhyrdin.fr\/blog\/wordpress\/wp-content\/gallery\/avril2017-crotoy\/Sarcelle_0858.jpg?h=170\" alt=\"Un autre m\u00e9lange\" width=\"255\" height=\"170\" \/><\/a><p class=\"jig-HTMLdescription\">Un autre m\u00e9lange<br\/>de la Sarcelle ? Il y en a...<\/p><\/li><li><a href=\"https:\/\/i0.wp.com\/mhyrdin.fr\/blog\/wordpress\/wp-content\/gallery\/avril2017-crotoy\/Sarcelle_0923.jpg?ssl=1\" title=\"de la Sarcelle ? Il y en a...\"><img loading=\"lazy\" decoding=\"async\" src=\"https:\/\/i0.wp.com\/mhyrdin.fr\/blog\/wordpress\/wp-content\/gallery\/avril2017-crotoy\/Sarcelle_0923.jpg?h=170\" alt=\"Un autre m\u00e9lange\" width=\"255\" height=\"170\" \/><\/a><p class=\"jig-HTMLdescription\">Un autre m\u00e9lange<br\/>de la Sarcelle ? Il y en a...<\/p><\/li><li><a href=\"https:\/\/i0.wp.com\/mhyrdin.fr\/blog\/wordpress\/wp-content\/gallery\/avril2017-crotoy\/Sunset_4731.jpg?ssl=1\" title=\"Plage du Crotoy\"><img loading=\"lazy\" decoding=\"async\" src=\"https:\/\/i0.wp.com\/mhyrdin.fr\/blog\/wordpress\/wp-content\/gallery\/avril2017-crotoy\/Sunset_4731.jpg?h=170\" alt=\"Sunset\" width=\"255\" height=\"170\" \/><\/a><p class=\"jig-HTMLdescription\">Sunset<br\/>Plage du Crotoy<\/p><\/li><\/ul><\/noscript><\/div><div id=\"jig1-developerLink\" class=\"jig-developerLink\"><a href=\"https:\/\/justifiedgrid.com\/\" target=\"_blank\" title=\"Justified Image Grid - Premium WordPress Gallery\">powered by Justified Image Grid<\/a><\/div>\n<h3>Related Images:<\/h3>","protected":false},"excerpt":{"rendered":"<p>Baie d-AuthieBerck, le PhareLe HourdelLe HourdelLe HourdelLe HourdelCanard piletCanard souchetCanard souchetCheval HensonCheval HensonFoulque macrouleFuligule milouinGr\u00e8be \u00e0 cou noirHibou des maraisMouette rieuseMouette rieusePhoque &#8211; Veau marinPhoque &#8211; Veau marinPhoque &#8211; Veau marinPhragmite des joncsPhragmite des joncsPinson des arbresPouillot fitisRat musqu\u00e9Rat musqu\u00e9Tarier p\u00e2treUn savant m\u00e9lange&#8230;Un autre m\u00e9langede la Sarcelle ? Il y en a&#8230;Un autre m\u00e9langede la [&hellip;]<\/p>\n","protected":false},"author":4,"featured_media":0,"parent":13613,"menu_order":0,"comment_status":"closed","ping_status":"closed","template":"","meta":{"ngg_post_thumbnail":0,"jetpack_post_was_ever_published":false,"footnotes":"","_links_to":"","_links_to_target":""},"class_list":["post-23550","page","type-page","status-publish","hentry"],"jetpack_shortlink":"https:\/\/wp.me\/P9lSZN-67Q","jetpack_sharing_enabled":true,"_links":{"self":[{"href":"https:\/\/mhyrdin.fr\/blog\/wp-json\/wp\/v2\/pages\/23550","targetHints":{"allow":["GET"]}}],"collection":[{"href":"https:\/\/mhyrdin.fr\/blog\/wp-json\/wp\/v2\/pages"}],"about":[{"href":"https:\/\/mhyrdin.fr\/blog\/wp-json\/wp\/v2\/types\/page"}],"author":[{"embeddable":true,"href":"https:\/\/mhyrdin.fr\/blog\/wp-json\/wp\/v2\/users\/4"}],"replies":[{"embeddable":true,"href":"https:\/\/mhyrdin.fr\/blog\/wp-json\/wp\/v2\/comments?post=23550"}],"version-history":[{"count":0,"href":"https:\/\/mhyrdin.fr\/blog\/wp-json\/wp\/v2\/pages\/23550\/revisions"}],"up":[{"embeddable":true,"href":"https:\/\/mhyrdin.fr\/blog\/wp-json\/wp\/v2\/pages\/13613"}],"wp:attachment":[{"href":"https:\/\/mhyrdin.fr\/blog\/wp-json\/wp\/v2\/media?parent=23550"}],"curies":[{"name":"wp","href":"https:\/\/api.w.org\/{rel}","templated":true}]}}