{"id":23400,"date":"2022-10-15T08:21:11","date_gmt":"2022-10-15T06:21:11","guid":{"rendered":"https:\/\/mhyrdin.fr\/blog\/2016-2\/en-janvier-2016\/"},"modified":"2022-10-15T08:26:11","modified_gmt":"2022-10-15T06:26:11","slug":"en-janvier-2016","status":"publish","type":"page","link":"https:\/\/mhyrdin.fr\/blog\/archives-numeriques\/2016-2\/janvier-2016\/en-janvier-2016\/","title":{"rendered":"En janvier 2016"},"content":{"rendered":"<div id=\"jig1\" class=\"justified-image-grid jig-a5d52ac1ad7efb18649d1d2f90c24565 jig-preset-global jig-source-nextgen\"><div class=\"jig-clearfix\"><\/div><noscript id=\"jig1-html\" class=\"justified-image-grid-html\" data-lazy-src=\"skiplazyload\" data-src=\"skipunveillazyload\"><ul><li><a href=\"https:\/\/i0.wp.com\/mhyrdin.fr\/blog\/wordpress\/wp-content\/gallery\/janvier-2016\/Brividic_3621.jpg?ssl=1\" title=\"Brividic_3621\"><img loading=\"lazy\" decoding=\"async\" src=\"https:\/\/i0.wp.com\/mhyrdin.fr\/blog\/wordpress\/wp-content\/gallery\/janvier-2016\/Brividic_3621.jpg?h=170\" alt=\"La balise Brividic\" width=\"255\" height=\"170\" \/><\/a><p class=\"jig-HTMLdescription\">La balise Brividic<br\/>Brividic_3621<\/p><\/li><li><a href=\"https:\/\/i0.wp.com\/mhyrdin.fr\/blog\/wordpress\/wp-content\/gallery\/janvier-2016\/Brividic_3667.jpg?ssl=1\" title=\"Brividic_3667\"><img loading=\"lazy\" decoding=\"async\" src=\"https:\/\/i0.wp.com\/mhyrdin.fr\/blog\/wordpress\/wp-content\/gallery\/janvier-2016\/Brividic_3667.jpg?h=170\" alt=\"La balise Brividic\" width=\"255\" height=\"170\" \/><\/a><p class=\"jig-HTMLdescription\">La balise Brividic<br\/>Brividic_3667<\/p><\/li><li><a href=\"https:\/\/i0.wp.com\/mhyrdin.fr\/blog\/wordpress\/wp-content\/gallery\/janvier-2016\/Le-Four_3520.jpg?ssl=1\"><img loading=\"lazy\" decoding=\"async\" src=\"https:\/\/i0.wp.com\/mhyrdin.fr\/blog\/wordpress\/wp-content\/gallery\/janvier-2016\/Le-Four_3520.jpg?h=170\" alt=\"Le Four\" width=\"285\" height=\"170\" \/><\/a><p class=\"jig-HTMLdescription\">Le Four<\/p><\/li><li><a href=\"https:\/\/i0.wp.com\/mhyrdin.fr\/blog\/wordpress\/wp-content\/gallery\/janvier-2016\/Le-Four_3526.jpg?ssl=1\"><img loading=\"lazy\" decoding=\"async\" src=\"https:\/\/i0.wp.com\/mhyrdin.fr\/blog\/wordpress\/wp-content\/gallery\/janvier-2016\/Le-Four_3526.jpg?h=170\" alt=\"Le Four\" width=\"255\" height=\"170\" \/><\/a><p class=\"jig-HTMLdescription\">Le Four<\/p><\/li><li><a href=\"https:\/\/i0.wp.com\/mhyrdin.fr\/blog\/wordpress\/wp-content\/gallery\/janvier-2016\/Le-Four_3534.jpg?ssl=1\"><img loading=\"lazy\" decoding=\"async\" src=\"https:\/\/i0.wp.com\/mhyrdin.fr\/blog\/wordpress\/wp-content\/gallery\/janvier-2016\/Le-Four_3534.jpg?h=170\" alt=\"Le Four\" width=\"255\" height=\"170\" \/><\/a><p class=\"jig-HTMLdescription\">Le Four<\/p><\/li><li><a href=\"https:\/\/i0.wp.com\/mhyrdin.fr\/blog\/wordpress\/wp-content\/gallery\/janvier-2016\/Le-Four_3536.jpg?ssl=1\"><img loading=\"lazy\" decoding=\"async\" src=\"https:\/\/i0.wp.com\/mhyrdin.fr\/blog\/wordpress\/wp-content\/gallery\/janvier-2016\/Le-Four_3536.jpg?h=170\" alt=\"Le Fou (de Bassan) du Four\" width=\"113\" height=\"170\" \/><\/a><p class=\"jig-HTMLdescription\">Le Fou (de Bassan) du Four<\/p><\/li><li><a href=\"https:\/\/i0.wp.com\/mhyrdin.fr\/blog\/wordpress\/wp-content\/gallery\/janvier-2016\/Le-Four_3548.jpg?ssl=1\"><img loading=\"lazy\" decoding=\"async\" src=\"https:\/\/i0.wp.com\/mhyrdin.fr\/blog\/wordpress\/wp-content\/gallery\/janvier-2016\/Le-Four_3548.jpg?h=170\" alt=\"Le Four\" width=\"255\" height=\"170\" \/><\/a><p class=\"jig-HTMLdescription\">Le Four<\/p><\/li><li><a href=\"https:\/\/i0.wp.com\/mhyrdin.fr\/blog\/wordpress\/wp-content\/gallery\/janvier-2016\/Le-Four_3564.jpg?ssl=1\"><img loading=\"lazy\" decoding=\"async\" src=\"https:\/\/i0.wp.com\/mhyrdin.fr\/blog\/wordpress\/wp-content\/gallery\/janvier-2016\/Le-Four_3564.jpg?h=170\" alt=\"Le Four\" width=\"255\" height=\"170\" \/><\/a><p class=\"jig-HTMLdescription\">Le Four<\/p><\/li><li><a href=\"https:\/\/i0.wp.com\/mhyrdin.fr\/blog\/wordpress\/wp-content\/gallery\/janvier-2016\/Le-Four_3583.jpg?ssl=1\"><img loading=\"lazy\" decoding=\"async\" src=\"https:\/\/i0.wp.com\/mhyrdin.fr\/blog\/wordpress\/wp-content\/gallery\/janvier-2016\/Le-Four_3583.jpg?h=170\" alt=\"Le Four\" width=\"255\" height=\"170\" \/><\/a><p class=\"jig-HTMLdescription\">Le Four<\/p><\/li><li><a href=\"https:\/\/i0.wp.com\/mhyrdin.fr\/blog\/wordpress\/wp-content\/gallery\/janvier-2016\/Le-Four_3590.jpg?ssl=1\"><img loading=\"lazy\" decoding=\"async\" src=\"https:\/\/i0.wp.com\/mhyrdin.fr\/blog\/wordpress\/wp-content\/gallery\/janvier-2016\/Le-Four_3590.jpg?h=170\" alt=\"Le Four\" width=\"255\" height=\"170\" \/><\/a><p class=\"jig-HTMLdescription\">Le Four<\/p><\/li><li><a href=\"https:\/\/i0.wp.com\/mhyrdin.fr\/blog\/wordpress\/wp-content\/gallery\/janvier-2016\/Le-Four_3648.jpg?ssl=1\"><img loading=\"lazy\" decoding=\"async\" src=\"https:\/\/i0.wp.com\/mhyrdin.fr\/blog\/wordpress\/wp-content\/gallery\/janvier-2016\/Le-Four_3648.jpg?h=170\" alt=\"Le Four\" width=\"255\" height=\"170\" \/><\/a><p class=\"jig-HTMLdescription\">Le Four<\/p><\/li><li><a href=\"https:\/\/i0.wp.com\/mhyrdin.fr\/blog\/wordpress\/wp-content\/gallery\/janvier-2016\/Porspoder_3578.jpg?ssl=1\" title=\"Porspoder_3578\"><img loading=\"lazy\" decoding=\"async\" src=\"https:\/\/i0.wp.com\/mhyrdin.fr\/blog\/wordpress\/wp-content\/gallery\/janvier-2016\/Porspoder_3578.jpg?h=170\" alt=\"Porspoder - Presqu&#039;\u00eele St-Laurent\" width=\"255\" height=\"170\" \/><\/a><p class=\"jig-HTMLdescription\">Porspoder - Presqu'\u00eele St-Laurent<br\/>Porspoder_3578<\/p><\/li><li><a href=\"https:\/\/i0.wp.com\/mhyrdin.fr\/blog\/wordpress\/wp-content\/gallery\/janvier-2016\/Porspoder_3743.jpg?ssl=1\" title=\"Porspoder_3743\"><img loading=\"lazy\" decoding=\"async\" src=\"https:\/\/i0.wp.com\/mhyrdin.fr\/blog\/wordpress\/wp-content\/gallery\/janvier-2016\/Porspoder_3743.jpg?h=170\" alt=\"Porspoder - Presqu&#039;\u00eele St-Laurent\" width=\"255\" height=\"170\" \/><\/a><p class=\"jig-HTMLdescription\">Porspoder - Presqu'\u00eele St-Laurent<br\/>Porspoder_3743<\/p><\/li><li><a href=\"https:\/\/i0.wp.com\/mhyrdin.fr\/blog\/wordpress\/wp-content\/gallery\/janvier-2016\/Porspoder_3756.jpg?ssl=1\" title=\"Porspoder_3756\"><img loading=\"lazy\" decoding=\"async\" src=\"https:\/\/i0.wp.com\/mhyrdin.fr\/blog\/wordpress\/wp-content\/gallery\/janvier-2016\/Porspoder_3756.jpg?h=170\" alt=\"Porspoder - Presqu&#039;\u00eele St-Laurent\" width=\"255\" height=\"170\" \/><\/a><p class=\"jig-HTMLdescription\">Porspoder - Presqu'\u00eele St-Laurent<br\/>Porspoder_3756<\/p><\/li><li><a href=\"https:\/\/i0.wp.com\/mhyrdin.fr\/blog\/wordpress\/wp-content\/gallery\/janvier-2016\/Porspoder_3788.jpg?ssl=1\" title=\"Porspoder_3788\"><img loading=\"lazy\" decoding=\"async\" src=\"https:\/\/i0.wp.com\/mhyrdin.fr\/blog\/wordpress\/wp-content\/gallery\/janvier-2016\/Porspoder_3788.jpg?h=170\" alt=\"Porspoder - Presqu&#039;\u00eele St-Laurent\" width=\"255\" height=\"170\" \/><\/a><p class=\"jig-HTMLdescription\">Porspoder - Presqu'\u00eele St-Laurent<br\/>Porspoder_3788<\/p><\/li><li><a href=\"https:\/\/i0.wp.com\/mhyrdin.fr\/blog\/wordpress\/wp-content\/gallery\/janvier-2016\/Porspoder_3802.jpg?ssl=1\" title=\"Porspoder_3802\"><img loading=\"lazy\" decoding=\"async\" src=\"https:\/\/i0.wp.com\/mhyrdin.fr\/blog\/wordpress\/wp-content\/gallery\/janvier-2016\/Porspoder_3802.jpg?h=170\" alt=\"Porspoder - Presqu&#039;\u00eele St-Laurent\" width=\"267\" height=\"170\" \/><\/a><p class=\"jig-HTMLdescription\">Porspoder - Presqu'\u00eele St-Laurent<br\/>Porspoder_3802<\/p><\/li><li><a href=\"https:\/\/i0.wp.com\/mhyrdin.fr\/blog\/wordpress\/wp-content\/gallery\/janvier-2016\/Porspoder_3816.jpg?ssl=1\" title=\"Porspoder_3816\"><img loading=\"lazy\" decoding=\"async\" src=\"https:\/\/i0.wp.com\/mhyrdin.fr\/blog\/wordpress\/wp-content\/gallery\/janvier-2016\/Porspoder_3816.jpg?h=170\" alt=\"Porspoder - Presqu&#039;\u00eele St-Laurent\" width=\"306\" height=\"170\" \/><\/a><p class=\"jig-HTMLdescription\">Porspoder - Presqu'\u00eele St-Laurent<br\/>Porspoder_3816<\/p><\/li><li><a href=\"https:\/\/i0.wp.com\/mhyrdin.fr\/blog\/wordpress\/wp-content\/gallery\/janvier-2016\/Keryunan_0943.jpg?ssl=1\" title=\"Keryunan_0943\"><img loading=\"lazy\" decoding=\"async\" src=\"https:\/\/i0.wp.com\/mhyrdin.fr\/blog\/wordpress\/wp-content\/gallery\/janvier-2016\/Keryunan_0943.jpg?h=170\" alt=\"Plougonvelin - Keryunan\" width=\"255\" height=\"170\" \/><\/a><p class=\"jig-HTMLdescription\">Plougonvelin - Keryunan<br\/>Keryunan_0943<\/p><\/li><li><a href=\"https:\/\/i0.wp.com\/mhyrdin.fr\/blog\/wordpress\/wp-content\/gallery\/janvier-2016\/Keryunan_0955.jpg?ssl=1\" title=\"Keryunan_0955\"><img loading=\"lazy\" decoding=\"async\" src=\"https:\/\/i0.wp.com\/mhyrdin.fr\/blog\/wordpress\/wp-content\/gallery\/janvier-2016\/Keryunan_0955.jpg?h=170\" alt=\"Plougonvelin - Keryunan\" width=\"255\" height=\"170\" \/><\/a><p class=\"jig-HTMLdescription\">Plougonvelin - Keryunan<br\/>Keryunan_0955<\/p><\/li><li><a href=\"https:\/\/i0.wp.com\/mhyrdin.fr\/blog\/wordpress\/wp-content\/gallery\/janvier-2016\/Keryunan_0958.jpg?ssl=1\" title=\"Keryunan_0958\"><img loading=\"lazy\" decoding=\"async\" src=\"https:\/\/i0.wp.com\/mhyrdin.fr\/blog\/wordpress\/wp-content\/gallery\/janvier-2016\/Keryunan_0958.jpg?h=170\" alt=\"Plougonvelin - Keryunan\" width=\"255\" height=\"170\" \/><\/a><p class=\"jig-HTMLdescription\">Plougonvelin - Keryunan<br\/>Keryunan_0958<\/p><\/li><li><a href=\"https:\/\/i0.wp.com\/mhyrdin.fr\/blog\/wordpress\/wp-content\/gallery\/janvier-2016\/Keryunan_0960.jpg?ssl=1\" title=\"Keryunan_0960\"><img loading=\"lazy\" decoding=\"async\" src=\"https:\/\/i0.wp.com\/mhyrdin.fr\/blog\/wordpress\/wp-content\/gallery\/janvier-2016\/Keryunan_0960.jpg?h=170\" alt=\"Plougonvelin - Keryunan\" width=\"255\" height=\"170\" \/><\/a><p class=\"jig-HTMLdescription\">Plougonvelin - Keryunan<br\/>Keryunan_0960<\/p><\/li><li><a href=\"https:\/\/i0.wp.com\/mhyrdin.fr\/blog\/wordpress\/wp-content\/gallery\/janvier-2016\/Keryunan_0965.jpg?ssl=1\" title=\"Keryunan_0965\"><img loading=\"lazy\" decoding=\"async\" src=\"https:\/\/i0.wp.com\/mhyrdin.fr\/blog\/wordpress\/wp-content\/gallery\/janvier-2016\/Keryunan_0965.jpg?h=170\" alt=\"Plougonvelin - Keryunan\" width=\"255\" height=\"170\" \/><\/a><p class=\"jig-HTMLdescription\">Plougonvelin - Keryunan<br\/>Keryunan_0965<\/p><\/li><li><a href=\"https:\/\/i0.wp.com\/mhyrdin.fr\/blog\/wordpress\/wp-content\/gallery\/janvier-2016\/Keryunan_0966.jpg?ssl=1\" title=\"Keryunan_0966\"><img loading=\"lazy\" decoding=\"async\" src=\"https:\/\/i0.wp.com\/mhyrdin.fr\/blog\/wordpress\/wp-content\/gallery\/janvier-2016\/Keryunan_0966.jpg?h=170\" alt=\"Plougonvelin - Keryunan\" width=\"255\" height=\"170\" \/><\/a><p class=\"jig-HTMLdescription\">Plougonvelin - Keryunan<br\/>Keryunan_0966<\/p><\/li><li><a href=\"https:\/\/i0.wp.com\/mhyrdin.fr\/blog\/wordpress\/wp-content\/gallery\/janvier-2016\/Keryunan_0969.jpg?ssl=1\" title=\"Keryunan_0969\"><img loading=\"lazy\" decoding=\"async\" src=\"https:\/\/i0.wp.com\/mhyrdin.fr\/blog\/wordpress\/wp-content\/gallery\/janvier-2016\/Keryunan_0969.jpg?h=170\" alt=\"Plougonvelin - Keryunan\" width=\"278\" height=\"170\" \/><\/a><p class=\"jig-HTMLdescription\">Plougonvelin - Keryunan<br\/>Keryunan_0969<\/p><\/li><li><a href=\"https:\/\/i0.wp.com\/mhyrdin.fr\/blog\/wordpress\/wp-content\/gallery\/janvier-2016\/Keryunan_0974.jpg?ssl=1\" title=\"Keryunan_0974\"><img loading=\"lazy\" decoding=\"async\" src=\"https:\/\/i0.wp.com\/mhyrdin.fr\/blog\/wordpress\/wp-content\/gallery\/janvier-2016\/Keryunan_0974.jpg?h=170\" alt=\"Plougonvelin - Keryunan\" width=\"255\" height=\"170\" \/><\/a><p class=\"jig-HTMLdescription\">Plougonvelin - Keryunan<br\/>Keryunan_0974<\/p><\/li><li><a href=\"https:\/\/i0.wp.com\/mhyrdin.fr\/blog\/wordpress\/wp-content\/gallery\/janvier-2016\/Keryunan_0978.jpg?ssl=1\" title=\"Keryunan_0978\"><img loading=\"lazy\" decoding=\"async\" src=\"https:\/\/i0.wp.com\/mhyrdin.fr\/blog\/wordpress\/wp-content\/gallery\/janvier-2016\/Keryunan_0978.jpg?h=170\" alt=\"Plougonvelin - Keryunan\" width=\"255\" height=\"170\" \/><\/a><p class=\"jig-HTMLdescription\">Plougonvelin - Keryunan<br\/>Keryunan_0978<\/p><\/li><\/ul><\/noscript><\/div><div id=\"jig1-developerLink\" class=\"jig-developerLink\"><a href=\"https:\/\/justifiedgrid.com\/\" target=\"_blank\" title=\"Justified Image Grid - Premium WordPress Gallery\">powered by Justified Image Grid<\/a><\/div>\n<h3>Related Images:<\/h3>","protected":false},"excerpt":{"rendered":"<p>La balise BrividicBrividic_3621La balise BrividicBrividic_3667Le FourLe FourLe FourLe Fou (de Bassan) du FourLe FourLe FourLe FourLe FourLe FourPorspoder &#8211; Presqu&rsquo;\u00eele St-LaurentPorspoder_3578Porspoder &#8211; Presqu&rsquo;\u00eele St-LaurentPorspoder_3743Porspoder &#8211; Presqu&rsquo;\u00eele St-LaurentPorspoder_3756Porspoder &#8211; Presqu&rsquo;\u00eele St-LaurentPorspoder_3788Porspoder &#8211; Presqu&rsquo;\u00eele St-LaurentPorspoder_3802Porspoder &#8211; Presqu&rsquo;\u00eele St-LaurentPorspoder_3816Plougonvelin &#8211; KeryunanKeryunan_0943Plougonvelin &#8211; KeryunanKeryunan_0955Plougonvelin &#8211; KeryunanKeryunan_0958Plougonvelin &#8211; KeryunanKeryunan_0960Plougonvelin &#8211; KeryunanKeryunan_0965Plougonvelin &#8211; KeryunanKeryunan_0966Plougonvelin &#8211; KeryunanKeryunan_0969Plougonvelin &#8211; KeryunanKeryunan_0974Plougonvelin &#8211; KeryunanKeryunan_0978powered by [&hellip;]<\/p>\n","protected":false},"author":4,"featured_media":0,"parent":10059,"menu_order":0,"comment_status":"closed","ping_status":"closed","template":"","meta":{"ngg_post_thumbnail":0,"jetpack_post_was_ever_published":false,"footnotes":"","_links_to":"","_links_to_target":""},"class_list":["post-23400","page","type-page","status-publish","hentry"],"jetpack_shortlink":"https:\/\/wp.me\/P9lSZN-65q","jetpack_sharing_enabled":true,"_links":{"self":[{"href":"https:\/\/mhyrdin.fr\/blog\/wp-json\/wp\/v2\/pages\/23400","targetHints":{"allow":["GET"]}}],"collection":[{"href":"https:\/\/mhyrdin.fr\/blog\/wp-json\/wp\/v2\/pages"}],"about":[{"href":"https:\/\/mhyrdin.fr\/blog\/wp-json\/wp\/v2\/types\/page"}],"author":[{"embeddable":true,"href":"https:\/\/mhyrdin.fr\/blog\/wp-json\/wp\/v2\/users\/4"}],"replies":[{"embeddable":true,"href":"https:\/\/mhyrdin.fr\/blog\/wp-json\/wp\/v2\/comments?post=23400"}],"version-history":[{"count":1,"href":"https:\/\/mhyrdin.fr\/blog\/wp-json\/wp\/v2\/pages\/23400\/revisions"}],"predecessor-version":[{"id":23402,"href":"https:\/\/mhyrdin.fr\/blog\/wp-json\/wp\/v2\/pages\/23400\/revisions\/23402"}],"up":[{"embeddable":true,"href":"https:\/\/mhyrdin.fr\/blog\/wp-json\/wp\/v2\/pages\/10059"}],"wp:attachment":[{"href":"https:\/\/mhyrdin.fr\/blog\/wp-json\/wp\/v2\/media?parent=23400"}],"curies":[{"name":"wp","href":"https:\/\/api.w.org\/{rel}","templated":true}]}}