{"id":22757,"date":"2022-06-04T16:47:52","date_gmt":"2022-06-04T14:47:52","guid":{"rendered":"https:\/\/mhyrdin.fr\/blog\/?page_id=22757"},"modified":"2022-12-26T23:58:18","modified_gmt":"2022-12-26T22:58:18","slug":"mai-2022-ref","status":"publish","type":"page","link":"https:\/\/mhyrdin.fr\/blog\/archives-numeriques\/2022-2-2\/mai-2022-ref\/","title":{"rendered":"Mai 2022"},"content":{"rendered":"<p>Trois semaines dans le sud-ouest fran\u00e7ais et des d\u00e9bordements en Espagne.<br \/>\nAvec notre tour annuel aux Bardenas Reales, bien s\u00fbr.<\/p>\n<div id=\"jig1\" class=\"justified-image-grid jig-a48e55990447693f0a4bac7825b0969c jig-preset-global jig-source-nextgen\"><div class=\"jig-clearfix\"><\/div><noscript id=\"jig1-html\" class=\"justified-image-grid-html\" data-lazy-src=\"skiplazyload\" data-src=\"skipunveillazyload\"><ul><li><a href=\"https:\/\/mhyrdin.fr\/blog\/archives-numeriques\/2022-2-2\/mai-2022-ref\/bassin-darcachon\/\" title=\"33 Photos\"><img loading=\"lazy\" decoding=\"async\" src=\"https:\/\/i0.wp.com\/mhyrdin.fr\/blog\/wordpress\/wp-content\/gallery\/mai-2022\/Banc%20d-Arguin-Petit%20Nice_3113.JPG?h=170\" alt=\"Bassin d&#039;Arcachon\" width=\"298\" height=\"170\" \/><\/a><p class=\"jig-HTMLdescription\">Bassin d'Arcachon<br\/>33 Photos<\/p><\/li><li><a href=\"https:\/\/mhyrdin.fr\/blog\/archives-numeriques\/2022-2-2\/mai-2022-ref\/mai-2022-abadie\/\" title=\"19 Photos\"><img loading=\"lazy\" decoding=\"async\" src=\"https:\/\/i0.wp.com\/mhyrdin.fr\/blog\/wordpress\/wp-content\/gallery\/mai-2022-2\/Abadie_4367.JPG?h=170\" alt=\"St. Jean-De-Luz \/ Hendaye\" width=\"255\" height=\"170\" \/><\/a><p class=\"jig-HTMLdescription\">St. Jean-De-Luz \/ Hendaye<br\/>19 Photos<\/p><\/li><li><a href=\"https:\/\/mhyrdin.fr\/blog\/archives-numeriques\/2022-2-2\/mai-2022-ref\/mai-2022-en-espagne\/\" title=\"44 Photos\"><img loading=\"lazy\" decoding=\"async\" src=\"https:\/\/i0.wp.com\/mhyrdin.fr\/blog\/wordpress\/wp-content\/gallery\/mai-2022_transfrontalier\/Bardenas_4239.JPG?h=170\" alt=\"Vir\u00e9es en Espagne\" width=\"255\" height=\"170\" \/><\/a><p class=\"jig-HTMLdescription\">Vir\u00e9es en Espagne<br\/>44 Photos<\/p><\/li><\/ul><\/noscript><\/div><div id=\"jig1-developerLink\" class=\"jig-developerLink\"><a href=\"https:\/\/justifiedgrid.com\/\" target=\"_blank\" title=\"Justified Image Grid - Premium WordPress Gallery\">powered by Justified Image Grid<\/a><\/div>\n<h3>Related Images:<\/h3>","protected":false},"excerpt":{"rendered":"<p>Trois semaines dans le sud-ouest fran\u00e7ais et des d\u00e9bordements en Espagne. Avec notre tour annuel aux Bardenas Reales, bien s\u00fbr. Related Images:<\/p>\n","protected":false},"author":4,"featured_media":0,"parent":24999,"menu_order":5,"comment_status":"closed","ping_status":"closed","template":"","meta":{"ngg_post_thumbnail":0,"jetpack_post_was_ever_published":false,"footnotes":"","_links_to":"","_links_to_target":""},"class_list":["post-22757","page","type-page","status-publish","hentry"],"jetpack_shortlink":"https:\/\/wp.me\/P9lSZN-5V3","jetpack_sharing_enabled":true,"_links":{"self":[{"href":"https:\/\/mhyrdin.fr\/blog\/wp-json\/wp\/v2\/pages\/22757","targetHints":{"allow":["GET"]}}],"collection":[{"href":"https:\/\/mhyrdin.fr\/blog\/wp-json\/wp\/v2\/pages"}],"about":[{"href":"https:\/\/mhyrdin.fr\/blog\/wp-json\/wp\/v2\/types\/page"}],"author":[{"embeddable":true,"href":"https:\/\/mhyrdin.fr\/blog\/wp-json\/wp\/v2\/users\/4"}],"replies":[{"embeddable":true,"href":"https:\/\/mhyrdin.fr\/blog\/wp-json\/wp\/v2\/comments?post=22757"}],"version-history":[{"count":4,"href":"https:\/\/mhyrdin.fr\/blog\/wp-json\/wp\/v2\/pages\/22757\/revisions"}],"predecessor-version":[{"id":22767,"href":"https:\/\/mhyrdin.fr\/blog\/wp-json\/wp\/v2\/pages\/22757\/revisions\/22767"}],"up":[{"embeddable":true,"href":"https:\/\/mhyrdin.fr\/blog\/wp-json\/wp\/v2\/pages\/24999"}],"wp:attachment":[{"href":"https:\/\/mhyrdin.fr\/blog\/wp-json\/wp\/v2\/media?parent=22757"}],"curies":[{"name":"wp","href":"https:\/\/api.w.org\/{rel}","templated":true}]}}