{"id":22304,"date":"2021-12-15T07:18:41","date_gmt":"2021-12-15T06:18:41","guid":{"rendered":"https:\/\/mhyrdin.fr\/blog\/2021-2\/oiseaux-et-sunsets\/"},"modified":"2022-03-12T16:39:36","modified_gmt":"2022-03-12T15:39:36","slug":"oiseaux-et-sunsets","status":"publish","type":"page","link":"https:\/\/mhyrdin.fr\/blog\/archives-numeriques\/2021-2\/oiseaux-et-sunsets\/","title":{"rendered":"Oiseaux et Sunsets"},"content":{"rendered":"<div id=\"jig1\" class=\"justified-image-grid jig-9a76e14b8c02ca44c04691a59cefd1c2 jig-preset-global jig-source-nextgen\"><div class=\"jig-clearfix\"><\/div><noscript id=\"jig1-html\" class=\"justified-image-grid-html\" data-lazy-src=\"skiplazyload\" data-src=\"skipunveillazyload\"><ul><li><a href=\"https:\/\/i0.wp.com\/mhyrdin.fr\/blog\/wordpress\/wp-content\/gallery\/novembre2021-2\/Crave-a-bec-rouge_8947.JPG?ssl=1\"><img loading=\"lazy\" decoding=\"async\" src=\"https:\/\/i0.wp.com\/mhyrdin.fr\/blog\/wordpress\/wp-content\/gallery\/novembre2021-2\/Crave-a-bec-rouge_8947.JPG?h=170\" alt=\"Crave \u00e0 bec rouge\" width=\"255\" height=\"170\" \/><\/a><p class=\"jig-HTMLdescription\">Crave \u00e0 bec rouge<\/p><\/li><li><a href=\"https:\/\/i0.wp.com\/mhyrdin.fr\/blog\/wordpress\/wp-content\/gallery\/novembre2021-2\/Crave-a-bec-rouge_8948.JPG?ssl=1\"><img loading=\"lazy\" decoding=\"async\" src=\"https:\/\/i0.wp.com\/mhyrdin.fr\/blog\/wordpress\/wp-content\/gallery\/novembre2021-2\/Crave-a-bec-rouge_8948.JPG?h=170\" alt=\"Crave \u00e0 bec rouge\" width=\"113\" height=\"170\" \/><\/a><p class=\"jig-HTMLdescription\">Crave \u00e0 bec rouge<\/p><\/li><li><a href=\"https:\/\/i0.wp.com\/mhyrdin.fr\/blog\/wordpress\/wp-content\/gallery\/novembre2021-2\/Crave-a-bec-rouge_8951.JPG?ssl=1\"><img loading=\"lazy\" decoding=\"async\" src=\"https:\/\/i0.wp.com\/mhyrdin.fr\/blog\/wordpress\/wp-content\/gallery\/novembre2021-2\/Crave-a-bec-rouge_8951.JPG?h=170\" alt=\"Crave \u00e0 bec rouge\" width=\"255\" height=\"170\" \/><\/a><p class=\"jig-HTMLdescription\">Crave \u00e0 bec rouge<\/p><\/li><li><a href=\"https:\/\/i0.wp.com\/mhyrdin.fr\/blog\/wordpress\/wp-content\/gallery\/novembre2021-2\/Crave-a-bec-rouge_8958.JPG?ssl=1\"><img loading=\"lazy\" decoding=\"async\" src=\"https:\/\/i0.wp.com\/mhyrdin.fr\/blog\/wordpress\/wp-content\/gallery\/novembre2021-2\/Crave-a-bec-rouge_8958.JPG?h=170\" alt=\"Crave \u00e0 bec rouge\" width=\"113\" height=\"170\" \/><\/a><p class=\"jig-HTMLdescription\">Crave \u00e0 bec rouge<\/p><\/li><li><a href=\"https:\/\/i0.wp.com\/mhyrdin.fr\/blog\/wordpress\/wp-content\/gallery\/novembre2021-2\/Crave-a-bec-rouge_8982.JPG?ssl=1\"><img loading=\"lazy\" decoding=\"async\" src=\"https:\/\/i0.wp.com\/mhyrdin.fr\/blog\/wordpress\/wp-content\/gallery\/novembre2021-2\/Crave-a-bec-rouge_8982.JPG?h=170\" alt=\"Crave \u00e0 bec rouge\" width=\"113\" height=\"170\" \/><\/a><p class=\"jig-HTMLdescription\">Crave \u00e0 bec rouge<\/p><\/li><li><a href=\"https:\/\/i0.wp.com\/mhyrdin.fr\/blog\/wordpress\/wp-content\/gallery\/novembre2021-2\/Bruant-des-neiges_8986.JPG?ssl=1\"><img loading=\"lazy\" decoding=\"async\" src=\"https:\/\/i0.wp.com\/mhyrdin.fr\/blog\/wordpress\/wp-content\/gallery\/novembre2021-2\/Bruant-des-neiges_8986.JPG?h=170\" alt=\"Bruant des neiges\" width=\"255\" height=\"170\" \/><\/a><p class=\"jig-HTMLdescription\">Bruant des neiges<\/p><\/li><li><a href=\"https:\/\/i0.wp.com\/mhyrdin.fr\/blog\/wordpress\/wp-content\/gallery\/novembre2021-2\/Bruant-des-neiges_8998.JPG?ssl=1\"><img loading=\"lazy\" decoding=\"async\" src=\"https:\/\/i0.wp.com\/mhyrdin.fr\/blog\/wordpress\/wp-content\/gallery\/novembre2021-2\/Bruant-des-neiges_8998.JPG?h=170\" alt=\"Bruant des neiges\" width=\"113\" height=\"170\" \/><\/a><p class=\"jig-HTMLdescription\">Bruant des neiges<\/p><\/li><li><a href=\"https:\/\/i0.wp.com\/mhyrdin.fr\/blog\/wordpress\/wp-content\/gallery\/novembre2021-2\/Canard-pilet_9223.JPG?ssl=1\"><img loading=\"lazy\" decoding=\"async\" src=\"https:\/\/i0.wp.com\/mhyrdin.fr\/blog\/wordpress\/wp-content\/gallery\/novembre2021-2\/Canard-pilet_9223.JPG?h=170\" alt=\"Canards pilets\" width=\"255\" height=\"170\" \/><\/a><p class=\"jig-HTMLdescription\">Canards pilets<\/p><\/li><li><a href=\"https:\/\/i0.wp.com\/mhyrdin.fr\/blog\/wordpress\/wp-content\/gallery\/novembre2021-2\/Etang-du-Curnic_0001.jpg?ssl=1\"><img loading=\"lazy\" decoding=\"async\" src=\"https:\/\/i0.wp.com\/mhyrdin.fr\/blog\/wordpress\/wp-content\/gallery\/novembre2021-2\/Etang-du-Curnic_0001.jpg?h=170\" alt=\"L&#039;\u00c9tang du Curnic\" width=\"368\" height=\"170\" \/><\/a><p class=\"jig-HTMLdescription\">L'\u00c9tang du Curnic<\/p><\/li><li><a href=\"https:\/\/i0.wp.com\/mhyrdin.fr\/blog\/wordpress\/wp-content\/gallery\/novembre2021-2\/Barge-a-queue-noire_9272.JPG?ssl=1\"><img loading=\"lazy\" decoding=\"async\" src=\"https:\/\/i0.wp.com\/mhyrdin.fr\/blog\/wordpress\/wp-content\/gallery\/novembre2021-2\/Barge-a-queue-noire_9272.JPG?h=170\" alt=\"Barge \u00e0 queue noire\" width=\"255\" height=\"170\" \/><\/a><p class=\"jig-HTMLdescription\">Barge \u00e0 queue noire<\/p><\/li><li><a href=\"https:\/\/i0.wp.com\/mhyrdin.fr\/blog\/wordpress\/wp-content\/gallery\/novembre2021-2\/Chevalier-a-pattes-jaunes_9295.JPG?ssl=1\"><img loading=\"lazy\" decoding=\"async\" src=\"https:\/\/i0.wp.com\/mhyrdin.fr\/blog\/wordpress\/wp-content\/gallery\/novembre2021-2\/Chevalier-a-pattes-jaunes_9295.JPG?h=170\" alt=\"Chevalier  \u00e0 pattes jaunes\" width=\"255\" height=\"170\" \/><\/a><p class=\"jig-HTMLdescription\">Chevalier  \u00e0 pattes jaunes<\/p><\/li><li><a href=\"https:\/\/i0.wp.com\/mhyrdin.fr\/blog\/wordpress\/wp-content\/gallery\/novembre2021-2\/Chevalier-a-pattes-jaunes_9312.JPG?ssl=1\"><img loading=\"lazy\" decoding=\"async\" src=\"https:\/\/i0.wp.com\/mhyrdin.fr\/blog\/wordpress\/wp-content\/gallery\/novembre2021-2\/Chevalier-a-pattes-jaunes_9312.JPG?h=170\" alt=\"Chevalier  \u00e0 pattes jaunes\" width=\"255\" height=\"170\" \/><\/a><p class=\"jig-HTMLdescription\">Chevalier  \u00e0 pattes jaunes<\/p><\/li><li><a href=\"https:\/\/i0.wp.com\/mhyrdin.fr\/blog\/wordpress\/wp-content\/gallery\/novembre2021-2\/Canard-souchet_9263.jpg?ssl=1\" title=\"m\u00e2le\"><img loading=\"lazy\" decoding=\"async\" src=\"https:\/\/i0.wp.com\/mhyrdin.fr\/blog\/wordpress\/wp-content\/gallery\/novembre2021-2\/Canard-souchet_9263.jpg?h=170\" alt=\"Canard souchet\" width=\"255\" height=\"170\" \/><\/a><p class=\"jig-HTMLdescription\">Canard souchet<br\/>m\u00e2le<\/p><\/li><li><a href=\"https:\/\/i0.wp.com\/mhyrdin.fr\/blog\/wordpress\/wp-content\/gallery\/novembre2021-2\/Canard-souchet_9328.JPG?ssl=1\" title=\"femelle\"><img loading=\"lazy\" decoding=\"async\" src=\"https:\/\/i0.wp.com\/mhyrdin.fr\/blog\/wordpress\/wp-content\/gallery\/novembre2021-2\/Canard-souchet_9328.JPG?h=170\" alt=\"Canard souchet\" width=\"346\" height=\"170\" \/><\/a><p class=\"jig-HTMLdescription\">Canard souchet<br\/>femelle<\/p><\/li><li><a href=\"https:\/\/i0.wp.com\/mhyrdin.fr\/blog\/wordpress\/wp-content\/gallery\/novembre2021-2\/Rale-d-eau_9343.JPG?ssl=1\"><img loading=\"lazy\" decoding=\"async\" src=\"https:\/\/i0.wp.com\/mhyrdin.fr\/blog\/wordpress\/wp-content\/gallery\/novembre2021-2\/Rale-d-eau_9343.JPG?h=170\" alt=\"R\u00e2le d&#039;eau\" width=\"255\" height=\"170\" \/><\/a><p class=\"jig-HTMLdescription\">R\u00e2le d'eau<\/p><\/li><li><a href=\"https:\/\/i0.wp.com\/mhyrdin.fr\/blog\/wordpress\/wp-content\/gallery\/novembre2021-2\/Rale-d-eau_9345.JPG?ssl=1\"><img loading=\"lazy\" decoding=\"async\" src=\"https:\/\/i0.wp.com\/mhyrdin.fr\/blog\/wordpress\/wp-content\/gallery\/novembre2021-2\/Rale-d-eau_9345.JPG?h=170\" alt=\"R\u00e2le d&#039;eau\" width=\"113\" height=\"170\" \/><\/a><p class=\"jig-HTMLdescription\">R\u00e2le d'eau<\/p><\/li><li><a href=\"https:\/\/i0.wp.com\/mhyrdin.fr\/blog\/wordpress\/wp-content\/gallery\/novembre2021-2\/Lanildut-Sunset_0033.JPG?ssl=1\"><img loading=\"lazy\" decoding=\"async\" src=\"https:\/\/i0.wp.com\/mhyrdin.fr\/blog\/wordpress\/wp-content\/gallery\/novembre2021-2\/Lanildut-Sunset_0033.JPG?h=170\" alt=\"Coucher de soleil \u00e0 Lanildut\" width=\"113\" height=\"170\" \/><\/a><p class=\"jig-HTMLdescription\">Coucher de soleil \u00e0 Lanildut<\/p><\/li><li><a href=\"https:\/\/i0.wp.com\/mhyrdin.fr\/blog\/wordpress\/wp-content\/gallery\/novembre2021-2\/Lanildut-Sunset_0029.JPG?ssl=1\"><img loading=\"lazy\" decoding=\"async\" src=\"https:\/\/i0.wp.com\/mhyrdin.fr\/blog\/wordpress\/wp-content\/gallery\/novembre2021-2\/Lanildut-Sunset_0029.JPG?h=170\" alt=\"Coucher de soleil \u00e0 Lanildut\" width=\"297\" height=\"170\" \/><\/a><p class=\"jig-HTMLdescription\">Coucher de soleil \u00e0 Lanildut<\/p><\/li><li><a href=\"https:\/\/i0.wp.com\/mhyrdin.fr\/blog\/wordpress\/wp-content\/gallery\/novembre2021-2\/Lanildut-Sunset_0036.JPG?ssl=1\"><img loading=\"lazy\" decoding=\"async\" src=\"https:\/\/i0.wp.com\/mhyrdin.fr\/blog\/wordpress\/wp-content\/gallery\/novembre2021-2\/Lanildut-Sunset_0036.JPG?h=170\" alt=\"Coucher de soleil \u00e0 Lanildut\" width=\"255\" height=\"170\" \/><\/a><p class=\"jig-HTMLdescription\">Coucher de soleil \u00e0 Lanildut<\/p><\/li><li><a href=\"https:\/\/i0.wp.com\/mhyrdin.fr\/blog\/wordpress\/wp-content\/gallery\/novembre2021-2\/Lanildut-Sunset_0054.JPG?ssl=1\"><img loading=\"lazy\" decoding=\"async\" src=\"https:\/\/i0.wp.com\/mhyrdin.fr\/blog\/wordpress\/wp-content\/gallery\/novembre2021-2\/Lanildut-Sunset_0054.JPG?h=170\" alt=\"Coucher de soleil \u00e0 Lanildut\" width=\"289\" height=\"170\" \/><\/a><p class=\"jig-HTMLdescription\">Coucher de soleil \u00e0 Lanildut<\/p><\/li><li><a href=\"https:\/\/i0.wp.com\/mhyrdin.fr\/blog\/wordpress\/wp-content\/gallery\/novembre2021-2\/Lanildut-Sunset_0061.JPG?ssl=1\"><img loading=\"lazy\" decoding=\"async\" src=\"https:\/\/i0.wp.com\/mhyrdin.fr\/blog\/wordpress\/wp-content\/gallery\/novembre2021-2\/Lanildut-Sunset_0061.JPG?h=170\" alt=\"Coucher de soleil \u00e0 Lanildut\" width=\"382\" height=\"170\" \/><\/a><p class=\"jig-HTMLdescription\">Coucher de soleil \u00e0 Lanildut<\/p><\/li><li><a href=\"https:\/\/i0.wp.com\/mhyrdin.fr\/blog\/wordpress\/wp-content\/gallery\/novembre2021-2\/Ilette154227.jpg?ssl=1\" title=\"Ilette154227\"><img loading=\"lazy\" decoding=\"async\" src=\"https:\/\/i0.wp.com\/mhyrdin.fr\/blog\/wordpress\/wp-content\/gallery\/novembre2021-2\/Ilette154227.jpg?h=170\" alt=\"Le fort de Kermorvan\" width=\"368\" height=\"170\" \/><\/a><p class=\"jig-HTMLdescription\">Le fort de Kermorvan<br\/>Ilette154227<\/p><\/li><li><a href=\"https:\/\/i0.wp.com\/mhyrdin.fr\/blog\/wordpress\/wp-content\/gallery\/novembre2021-2\/LeConquet-Kermorvan_9438.JPG?ssl=1\"><img loading=\"lazy\" decoding=\"async\" src=\"https:\/\/i0.wp.com\/mhyrdin.fr\/blog\/wordpress\/wp-content\/gallery\/novembre2021-2\/LeConquet-Kermorvan_9438.JPG?h=170\" alt=\"Dans le soleil couchant\" width=\"357\" height=\"170\" \/><\/a><p class=\"jig-HTMLdescription\">Dans le soleil couchant<\/p><\/li><li><a href=\"https:\/\/i0.wp.com\/mhyrdin.fr\/blog\/wordpress\/wp-content\/gallery\/novembre2021-2\/LeConquet-Kermorvan_9444.JPG?ssl=1\"><img loading=\"lazy\" decoding=\"async\" src=\"https:\/\/i0.wp.com\/mhyrdin.fr\/blog\/wordpress\/wp-content\/gallery\/novembre2021-2\/LeConquet-Kermorvan_9444.JPG?h=170\" alt=\"Coucher de soleil \u00e0 Kermorvan\" width=\"274\" height=\"170\" \/><\/a><p class=\"jig-HTMLdescription\">Coucher de soleil \u00e0 Kermorvan<\/p><\/li><li><a href=\"https:\/\/i0.wp.com\/mhyrdin.fr\/blog\/wordpress\/wp-content\/gallery\/novembre2021-2\/St-Mathieu_171753.jpg?ssl=1\"><img loading=\"lazy\" decoding=\"async\" src=\"https:\/\/i0.wp.com\/mhyrdin.fr\/blog\/wordpress\/wp-content\/gallery\/novembre2021-2\/St-Mathieu_171753.jpg?h=170\" alt=\"Coucher de soleil \u00e0 St-Mathieu\" width=\"329\" height=\"170\" \/><\/a><p class=\"jig-HTMLdescription\">Coucher de soleil \u00e0 St-Mathieu<\/p><\/li><li><a href=\"https:\/\/i0.wp.com\/mhyrdin.fr\/blog\/wordpress\/wp-content\/gallery\/novembre2021-2\/Sunrise_83817.jpg?ssl=1\" title=\"Sunrise_83817\"><img loading=\"lazy\" decoding=\"async\" src=\"https:\/\/i0.wp.com\/mhyrdin.fr\/blog\/wordpress\/wp-content\/gallery\/novembre2021-2\/Sunrise_83817.jpg?h=170\" alt=\"Lever de soleil sur Brest\" width=\"368\" height=\"170\" \/><\/a><p class=\"jig-HTMLdescription\">Lever de soleil sur Brest<br\/>Sunrise_83817<\/p><\/li><li><a href=\"https:\/\/i0.wp.com\/mhyrdin.fr\/blog\/wordpress\/wp-content\/gallery\/novembre2021-2\/Sunrise_83816.jpg?ssl=1\" title=\"Sunrise_83816\"><img loading=\"lazy\" decoding=\"async\" src=\"https:\/\/i0.wp.com\/mhyrdin.fr\/blog\/wordpress\/wp-content\/gallery\/novembre2021-2\/Sunrise_83816.jpg?h=170\" alt=\"Lever de soleil sur Brest\" width=\"304\" height=\"170\" \/><\/a><p class=\"jig-HTMLdescription\">Lever de soleil sur Brest<br\/>Sunrise_83816<\/p><\/li><\/ul><\/noscript><\/div><div id=\"jig1-developerLink\" class=\"jig-developerLink\"><a href=\"https:\/\/justifiedgrid.com\/\" target=\"_blank\" title=\"Justified Image Grid - Premium WordPress Gallery\">powered by Justified Image Grid<\/a><\/div>\n<h3>Related Images:<\/h3>","protected":false},"excerpt":{"rendered":"<p>Crave \u00e0 bec rougeCrave \u00e0 bec rougeCrave \u00e0 bec rougeCrave \u00e0 bec rougeCrave \u00e0 bec rougeBruant des neigesBruant des neigesCanards piletsL&rsquo;\u00c9tang du CurnicBarge \u00e0 queue noireChevalier \u00e0 pattes jaunesChevalier \u00e0 pattes jaunesCanard souchetm\u00e2leCanard souchetfemelleR\u00e2le d&rsquo;eauR\u00e2le d&rsquo;eauCoucher de soleil \u00e0 LanildutCoucher de soleil \u00e0 LanildutCoucher de soleil \u00e0 LanildutCoucher de soleil \u00e0 LanildutCoucher de soleil \u00e0 [&hellip;]<\/p>\n","protected":false},"author":4,"featured_media":0,"parent":20144,"menu_order":0,"comment_status":"closed","ping_status":"closed","template":"","meta":{"ngg_post_thumbnail":0,"jetpack_post_was_ever_published":false,"footnotes":"","_links_to":"","_links_to_target":""},"class_list":["post-22304","page","type-page","status-publish","hentry"],"jetpack_shortlink":"https:\/\/wp.me\/P9lSZN-5NK","jetpack_sharing_enabled":true,"_links":{"self":[{"href":"https:\/\/mhyrdin.fr\/blog\/wp-json\/wp\/v2\/pages\/22304","targetHints":{"allow":["GET"]}}],"collection":[{"href":"https:\/\/mhyrdin.fr\/blog\/wp-json\/wp\/v2\/pages"}],"about":[{"href":"https:\/\/mhyrdin.fr\/blog\/wp-json\/wp\/v2\/types\/page"}],"author":[{"embeddable":true,"href":"https:\/\/mhyrdin.fr\/blog\/wp-json\/wp\/v2\/users\/4"}],"replies":[{"embeddable":true,"href":"https:\/\/mhyrdin.fr\/blog\/wp-json\/wp\/v2\/comments?post=22304"}],"version-history":[{"count":1,"href":"https:\/\/mhyrdin.fr\/blog\/wp-json\/wp\/v2\/pages\/22304\/revisions"}],"predecessor-version":[{"id":22438,"href":"https:\/\/mhyrdin.fr\/blog\/wp-json\/wp\/v2\/pages\/22304\/revisions\/22438"}],"up":[{"embeddable":true,"href":"https:\/\/mhyrdin.fr\/blog\/wp-json\/wp\/v2\/pages\/20144"}],"wp:attachment":[{"href":"https:\/\/mhyrdin.fr\/blog\/wp-json\/wp\/v2\/media?parent=22304"}],"curies":[{"name":"wp","href":"https:\/\/api.w.org\/{rel}","templated":true}]}}