{"id":20144,"date":"2021-01-20T00:30:44","date_gmt":"2021-01-19T23:30:44","guid":{"rendered":"https:\/\/mhyrdin.fr\/blog\/?page_id=20144"},"modified":"2023-07-01T23:49:25","modified_gmt":"2023-07-01T21:49:25","slug":"2021-2","status":"publish","type":"page","link":"https:\/\/mhyrdin.fr\/blog\/archives-numeriques\/2021-2\/","title":{"rendered":"2021"},"content":{"rendered":"<div id=\"jig1\" class=\"justified-image-grid jig-d1fe1cdde87acafce84645c27a7da2d9 jig-preset-global jig-source-nextgen\"><div class=\"jig-clearfix\"><\/div><noscript id=\"jig1-html\" class=\"justified-image-grid-html\" data-lazy-src=\"skiplazyload\" data-src=\"skipunveillazyload\"><ul><li><a href=\"https:\/\/mhyrdin.fr\/blog\/archives-numeriques\/2021-2\/janvier\/\" title=\"2&nbsp;Galleries\"><img loading=\"lazy\" decoding=\"async\" src=\"https:\/\/i0.wp.com\/mhyrdin.fr\/blog\/wordpress\/wp-content\/gallery\/janvier-2021-2\/Tr%C3%A9gana_153158R.jpg?h=170\" alt=\"Janvier 2021\" width=\"291\" height=\"170\" \/><\/a><p class=\"jig-HTMLdescription\">Janvier 2021<br\/>2&nbsp;Galleries<\/p><\/li><li><a href=\"https:\/\/mhyrdin.fr\/blog\/wp-json\/wp\/v2\/pages\/20144nggallery\/fevrier-2021\/\" title=\"2&nbsp;Galleries\"><img loading=\"lazy\" decoding=\"async\" src=\"https:\/\/i0.wp.com\/mhyrdin.fr\/blog\/wordpress\/wp-content\/gallery\/2021-Fevrier\/Grive%20mauvis_8258.JPG?h=170\" alt=\"F\u00e9vrier 2021\" width=\"255\" height=\"170\" \/><\/a><p class=\"jig-HTMLdescription\">F\u00e9vrier 2021<br\/>2&nbsp;Galleries<\/p><\/li><li><a href=\"https:\/\/mhyrdin.fr\/blog\/archives-numeriques\/2021-2\/mars-sans-restriction\/\" title=\"27 Photos\"><img loading=\"lazy\" decoding=\"async\" src=\"https:\/\/i0.wp.com\/mhyrdin.fr\/blog\/wordpress\/wp-content\/gallery\/mars2021\/Jacinthes_9231.JPG?h=170\" alt=\"Mars2021\" width=\"255\" height=\"170\" \/><\/a><p class=\"jig-HTMLdescription\">Mars2021<br\/>27 Photos<\/p><\/li><li><a href=\"https:\/\/mhyrdin.fr\/blog\/archives-numeriques\/2021-2\/avril-2021\/\" title=\"2&nbsp;Galleries\"><img loading=\"lazy\" decoding=\"async\" src=\"https:\/\/i0.wp.com\/mhyrdin.fr\/blog\/wordpress\/wp-content\/gallery\/2021-avril\/L%C3%A9chiagat%20-%20Menhir%20de%20Lehan_0386.JPG?h=170\" alt=\"Avril 2021\" width=\"255\" height=\"170\" \/><\/a><p class=\"jig-HTMLdescription\">Avril 2021<br\/>2&nbsp;Galleries<\/p><\/li><li><a href=\"https:\/\/mhyrdin.fr\/blog\/wp-json\/wp\/v2\/pages\/20144nggallery\/mai2021\/\" title=\"2&nbsp;Galleries\"><img loading=\"lazy\" decoding=\"async\" src=\"https:\/\/i0.wp.com\/mhyrdin.fr\/blog\/wordpress\/wp-content\/gallery\/maiBriere\/Pen%20Bron_3050.JPG?h=170\" alt=\"Mai 2021\" width=\"255\" height=\"170\" \/><\/a><p class=\"jig-HTMLdescription\">Mai 2021<br\/>2&nbsp;Galleries<\/p><\/li><li><a href=\"https:\/\/mhyrdin.fr\/blog\/wp-json\/wp\/v2\/pages\/20144nggallery\/juin-2021\/\" title=\"4&nbsp;Galleries\"><img loading=\"lazy\" decoding=\"async\" src=\"https:\/\/i0.wp.com\/mhyrdin.fr\/blog\/wordpress\/wp-content\/gallery\/aiguamolls_2021\/Bergeronnette%20printani%C3%A8re_2697.JPG?h=170\" alt=\"Juin 2021\" width=\"255\" height=\"170\" \/><\/a><p class=\"jig-HTMLdescription\">Juin 2021<br\/>4&nbsp;Galleries<\/p><\/li><li><a href=\"https:\/\/mhyrdin.fr\/blog\/wp-json\/wp\/v2\/pages\/20144nggallery\/gruissan2021\/\" title=\"4&nbsp;Galleries\"><img loading=\"lazy\" decoding=\"async\" src=\"https:\/\/i0.wp.com\/mhyrdin.fr\/blog\/wordpress\/wp-content\/gallery\/gruissanaout1\/Agrion%20%C3%A0%20large%20pattes_4644.JPG?h=170\" alt=\"Juillet- Ao\u00fbt Gruissan\" width=\"255\" height=\"170\" \/><\/a><p class=\"jig-HTMLdescription\">Juillet- Ao\u00fbt Gruissan<br\/>4&nbsp;Galleries<\/p><\/li><li><a href=\"https:\/\/mhyrdin.fr\/blog\/wp-json\/wp\/v2\/pages\/20144nggallery\/pyrenees-2021\/\" title=\"7&nbsp;Galleries\"><img loading=\"lazy\" decoding=\"async\" src=\"https:\/\/i0.wp.com\/mhyrdin.fr\/blog\/wordpress\/wp-content\/gallery\/vielle-aure\/Gobemouche-noir_5866.JPG?h=170\" alt=\"fin Ao\u00fbt - Septembre : Pyr\u00e9n\u00e9es\" width=\"255\" height=\"170\" \/><\/a><p class=\"jig-HTMLdescription\">fin Ao\u00fbt - Septembre : Pyr\u00e9n\u00e9es<br\/>7&nbsp;Galleries<\/p><\/li><li><a href=\"https:\/\/mhyrdin.fr\/blog\/archives-numeriques\/2021-2\/octobre2021\/\" title=\"33 Photos\"><img loading=\"lazy\" decoding=\"async\" src=\"https:\/\/i0.wp.com\/mhyrdin.fr\/blog\/wordpress\/wp-content\/gallery\/octobre2021\/Phare-de-Pontusval_7803.JPG?h=170\" alt=\"Octobre 2021\" width=\"255\" height=\"170\" \/><\/a><p class=\"jig-HTMLdescription\">Octobre 2021<br\/>33 Photos<\/p><\/li><li><a href=\"https:\/\/mhyrdin.fr\/blog\/archives-numeriques\/2021-2\/novembre-menu-2021\/\" title=\"2&nbsp;Galleries\"><img loading=\"lazy\" decoding=\"async\" src=\"https:\/\/i0.wp.com\/mhyrdin.fr\/blog\/wordpress\/wp-content\/gallery\/novembre2021-2\/Sunrise_83816.jpg?h=170\" alt=\"Novembre 2021\" width=\"304\" height=\"170\" \/><\/a><p class=\"jig-HTMLdescription\">Novembre 2021<br\/>2&nbsp;Galleries<\/p><\/li><li><a href=\"https:\/\/mhyrdin.fr\/blog\/wp-json\/wp\/v2\/pages\/20144nggallery\/decembre-2021\/\" title=\"3&nbsp;Galleries\"><img loading=\"lazy\" decoding=\"async\" src=\"https:\/\/i0.wp.com\/mhyrdin.fr\/blog\/wordpress\/wp-content\/gallery\/decembre2021_fin\/La-Torche_9976.JPG?h=170\" alt=\"D\u00e9cembre 2021\" width=\"335\" height=\"170\" \/><\/a><p class=\"jig-HTMLdescription\">D\u00e9cembre 2021<br\/>3&nbsp;Galleries<\/p><\/li><\/ul><\/noscript><\/div><div id=\"jig1-developerLink\" class=\"jig-developerLink\"><a href=\"https:\/\/justifiedgrid.com\/\" target=\"_blank\" title=\"Justified Image Grid - Premium WordPress Gallery\">powered by Justified Image Grid<\/a><\/div>\n<h3>Related Images:<\/h3>","protected":false},"excerpt":{"rendered":"<p>Related Images:<\/p>\n","protected":false},"author":4,"featured_media":0,"parent":24789,"menu_order":21,"comment_status":"closed","ping_status":"closed","template":"templates\/full-width-page.php","meta":{"ngg_post_thumbnail":0,"jetpack_post_was_ever_published":false,"footnotes":"","_links_to":"","_links_to_target":""},"class_list":["post-20144","page","type-page","status-publish","hentry"],"jetpack_shortlink":"https:\/\/wp.me\/P9lSZN-5eU","jetpack_sharing_enabled":true,"_links":{"self":[{"href":"https:\/\/mhyrdin.fr\/blog\/wp-json\/wp\/v2\/pages\/20144","targetHints":{"allow":["GET"]}}],"collection":[{"href":"https:\/\/mhyrdin.fr\/blog\/wp-json\/wp\/v2\/pages"}],"about":[{"href":"https:\/\/mhyrdin.fr\/blog\/wp-json\/wp\/v2\/types\/page"}],"author":[{"embeddable":true,"href":"https:\/\/mhyrdin.fr\/blog\/wp-json\/wp\/v2\/users\/4"}],"replies":[{"embeddable":true,"href":"https:\/\/mhyrdin.fr\/blog\/wp-json\/wp\/v2\/comments?post=20144"}],"version-history":[{"count":1,"href":"https:\/\/mhyrdin.fr\/blog\/wp-json\/wp\/v2\/pages\/20144\/revisions"}],"predecessor-version":[{"id":23777,"href":"https:\/\/mhyrdin.fr\/blog\/wp-json\/wp\/v2\/pages\/20144\/revisions\/23777"}],"up":[{"embeddable":true,"href":"https:\/\/mhyrdin.fr\/blog\/wp-json\/wp\/v2\/pages\/24789"}],"wp:attachment":[{"href":"https:\/\/mhyrdin.fr\/blog\/wp-json\/wp\/v2\/media?parent=20144"}],"curies":[{"name":"wp","href":"https:\/\/api.w.org\/{rel}","templated":true}]}}