{"id":19414,"date":"2020-10-21T07:46:01","date_gmt":"2020-10-21T05:46:01","guid":{"rendered":"https:\/\/mhyrdin.fr\/blog\/aout-2020\/intermede-brestois\/"},"modified":"2022-10-18T17:08:10","modified_gmt":"2022-10-18T15:08:10","slug":"intermede-brestois","status":"publish","type":"page","link":"https:\/\/mhyrdin.fr\/blog\/archives-numeriques\/2020-2\/aout-2020\/intermede-brestois\/","title":{"rendered":"Interm\u00e8de brestois"},"content":{"rendered":"<div id=\"jig1\" class=\"justified-image-grid jig-8053a0ca70f44aa660c5c7db35b0413a jig-preset-global jig-source-nextgen\"><div class=\"jig-clearfix\"><\/div><noscript id=\"jig1-html\" class=\"justified-image-grid-html\" data-lazy-src=\"skiplazyload\" data-src=\"skipunveillazyload\"><ul><li><a href=\"https:\/\/i0.wp.com\/mhyrdin.fr\/blog\/wordpress\/wp-content\/gallery\/intermede-aout-2020\/Calopteryx-virgo_2180.JPG?ssl=1\"><img loading=\"lazy\" decoding=\"async\" src=\"https:\/\/i0.wp.com\/mhyrdin.fr\/blog\/wordpress\/wp-content\/gallery\/intermede-aout-2020\/Calopteryx-virgo_2180.JPG?h=170\" alt=\"Calopt\u00e9ryx vierge\" width=\"255\" height=\"170\" \/><\/a><p class=\"jig-HTMLdescription\">Calopt\u00e9ryx vierge<\/p><\/li><li><a href=\"https:\/\/i0.wp.com\/mhyrdin.fr\/blog\/wordpress\/wp-content\/gallery\/intermede-aout-2020\/Calopteryx-virgo_2206.JPG?ssl=1\"><img loading=\"lazy\" decoding=\"async\" src=\"https:\/\/i0.wp.com\/mhyrdin.fr\/blog\/wordpress\/wp-content\/gallery\/intermede-aout-2020\/Calopteryx-virgo_2206.JPG?h=170\" alt=\"Calopt\u00e9ryx vierge\" width=\"255\" height=\"170\" \/><\/a><p class=\"jig-HTMLdescription\">Calopt\u00e9ryx vierge<\/p><\/li><li><a href=\"https:\/\/i0.wp.com\/mhyrdin.fr\/blog\/wordpress\/wp-content\/gallery\/intermede-aout-2020\/Frelon-asiatique_2200.JPG?ssl=1\"><img loading=\"lazy\" decoding=\"async\" src=\"https:\/\/i0.wp.com\/mhyrdin.fr\/blog\/wordpress\/wp-content\/gallery\/intermede-aout-2020\/Frelon-asiatique_2200.JPG?h=170\" alt=\"Frelon asiatique\" width=\"255\" height=\"170\" \/><\/a><p class=\"jig-HTMLdescription\">Frelon asiatique<\/p><\/li><li><a href=\"https:\/\/i0.wp.com\/mhyrdin.fr\/blog\/wordpress\/wp-content\/gallery\/intermede-aout-2020\/Pieris-napi_2187.JPG?ssl=1\"><img loading=\"lazy\" decoding=\"async\" src=\"https:\/\/i0.wp.com\/mhyrdin.fr\/blog\/wordpress\/wp-content\/gallery\/intermede-aout-2020\/Pieris-napi_2187.JPG?h=170\" alt=\"Pieride du navet\" width=\"113\" height=\"170\" \/><\/a><p class=\"jig-HTMLdescription\">Pieride du navet<\/p><\/li><li><a href=\"https:\/\/i0.wp.com\/mhyrdin.fr\/blog\/wordpress\/wp-content\/gallery\/intermede-aout-2020\/Portecoupe-holarctique_2195.JPG?ssl=1\"><img loading=\"lazy\" decoding=\"async\" src=\"https:\/\/i0.wp.com\/mhyrdin.fr\/blog\/wordpress\/wp-content\/gallery\/intermede-aout-2020\/Portecoupe-holarctique_2195.JPG?h=170\" alt=\"Portecoupe holarctique\" width=\"255\" height=\"170\" \/><\/a><p class=\"jig-HTMLdescription\">Portecoupe holarctique<\/p><\/li><li><a href=\"https:\/\/i0.wp.com\/mhyrdin.fr\/blog\/wordpress\/wp-content\/gallery\/intermede-aout-2020\/Calopteryx-virgo_2188.JPG?ssl=1\"><img loading=\"lazy\" decoding=\"async\" src=\"https:\/\/i0.wp.com\/mhyrdin.fr\/blog\/wordpress\/wp-content\/gallery\/intermede-aout-2020\/Calopteryx-virgo_2188.JPG?h=170\" alt=\"Calopt\u00e9ryx vierge\" width=\"170\" height=\"170\" \/><\/a><p class=\"jig-HTMLdescription\">Calopt\u00e9ryx vierge<\/p><\/li><li><a href=\"https:\/\/i0.wp.com\/mhyrdin.fr\/blog\/wordpress\/wp-content\/gallery\/intermede-aout-2020\/IMG_2212.JPG?ssl=1\" title=\"Le r\u00e9gal des merles !\"><img loading=\"lazy\" decoding=\"async\" src=\"https:\/\/i0.wp.com\/mhyrdin.fr\/blog\/wordpress\/wp-content\/gallery\/intermede-aout-2020\/IMG_2212.JPG?h=170\" alt=\"Le raisin du jardin\" width=\"255\" height=\"170\" \/><\/a><p class=\"jig-HTMLdescription\">Le raisin du jardin<br\/>Le r\u00e9gal des merles !<\/p><\/li><li><a href=\"https:\/\/i0.wp.com\/mhyrdin.fr\/blog\/wordpress\/wp-content\/gallery\/intermede-aout-2020\/IMG_2218.JPG?ssl=1\" title=\"Le r\u00e9gal des merles !\"><img loading=\"lazy\" decoding=\"async\" src=\"https:\/\/i0.wp.com\/mhyrdin.fr\/blog\/wordpress\/wp-content\/gallery\/intermede-aout-2020\/IMG_2218.JPG?h=170\" alt=\"Le raisin du jardin\" width=\"113\" height=\"170\" \/><\/a><p class=\"jig-HTMLdescription\">Le raisin du jardin<br\/>Le r\u00e9gal des merles !<\/p><\/li><li><a href=\"https:\/\/i0.wp.com\/mhyrdin.fr\/blog\/wordpress\/wp-content\/gallery\/intermede-aout-2020\/IMG_2216.JPG?ssl=1\" title=\"Le r\u00e9gal des merles !\"><img loading=\"lazy\" decoding=\"async\" src=\"https:\/\/i0.wp.com\/mhyrdin.fr\/blog\/wordpress\/wp-content\/gallery\/intermede-aout-2020\/IMG_2216.JPG?h=170\" alt=\"Le raisin du jardin\" width=\"255\" height=\"170\" \/><\/a><p class=\"jig-HTMLdescription\">Le raisin du jardin<br\/>Le r\u00e9gal des merles !<\/p><\/li><\/ul><\/noscript><\/div><div id=\"jig1-developerLink\" class=\"jig-developerLink\"><a href=\"https:\/\/justifiedgrid.com\/\" target=\"_blank\" title=\"Justified Image Grid - Premium WordPress Gallery\">powered by Justified Image Grid<\/a><\/div>\n<h3>Related Images:<\/h3>","protected":false},"excerpt":{"rendered":"<p>Calopt\u00e9ryx viergeCalopt\u00e9ryx viergeFrelon asiatiquePieride du navetPortecoupe holarctiqueCalopt\u00e9ryx viergeLe raisin du jardinLe r\u00e9gal des merles !Le raisin du jardinLe r\u00e9gal des merles !Le raisin du jardinLe r\u00e9gal des merles !powered by Justified Image Grid Related Images:<\/p>\n","protected":false},"author":4,"featured_media":19422,"parent":19314,"menu_order":1,"comment_status":"closed","ping_status":"closed","template":"","meta":{"ngg_post_thumbnail":0,"jetpack_post_was_ever_published":false,"footnotes":"","_links_to":"","_links_to_target":""},"class_list":["post-19414","page","type-page","status-publish","has-post-thumbnail","hentry"],"jetpack_shortlink":"https:\/\/wp.me\/P9lSZN-538","jetpack_sharing_enabled":true,"_links":{"self":[{"href":"https:\/\/mhyrdin.fr\/blog\/wp-json\/wp\/v2\/pages\/19414","targetHints":{"allow":["GET"]}}],"collection":[{"href":"https:\/\/mhyrdin.fr\/blog\/wp-json\/wp\/v2\/pages"}],"about":[{"href":"https:\/\/mhyrdin.fr\/blog\/wp-json\/wp\/v2\/types\/page"}],"author":[{"embeddable":true,"href":"https:\/\/mhyrdin.fr\/blog\/wp-json\/wp\/v2\/users\/4"}],"replies":[{"embeddable":true,"href":"https:\/\/mhyrdin.fr\/blog\/wp-json\/wp\/v2\/comments?post=19414"}],"version-history":[{"count":1,"href":"https:\/\/mhyrdin.fr\/blog\/wp-json\/wp\/v2\/pages\/19414\/revisions"}],"predecessor-version":[{"id":23768,"href":"https:\/\/mhyrdin.fr\/blog\/wp-json\/wp\/v2\/pages\/19414\/revisions\/23768"}],"up":[{"embeddable":true,"href":"https:\/\/mhyrdin.fr\/blog\/wp-json\/wp\/v2\/pages\/19314"}],"wp:featuredmedia":[{"embeddable":true,"href":"https:\/\/mhyrdin.fr\/blog\/wp-json\/wp\/v2\/media\/19422"}],"wp:attachment":[{"href":"https:\/\/mhyrdin.fr\/blog\/wp-json\/wp\/v2\/media?parent=19414"}],"curies":[{"name":"wp","href":"https:\/\/api.w.org\/{rel}","templated":true}]}}