{"id":18301,"date":"2019-12-16T18:43:24","date_gmt":"2019-12-16T17:43:24","guid":{"rendered":"https:\/\/mhyrdin.fr\/blog\/?page_id=18301"},"modified":"2022-10-18T01:03:43","modified_gmt":"2022-10-17T23:03:43","slug":"decembre-2019","status":"publish","type":"page","link":"https:\/\/mhyrdin.fr\/blog\/archives-numeriques\/2019-2\/decembre-2019\/","title":{"rendered":"D\u00e9cembre 2019"},"content":{"rendered":"<p>Du vent, de la pluie, des temp\u00eates, mais d\u00e9cembre c&rsquo;est aussi le mois des illuminations de No\u00ebl !<\/p>\n<div id=\"jig1\" class=\"justified-image-grid jig-586ad15386beddd49ce10b9afaa2e2b0 jig-preset-global jig-source-nextgen\"><div class=\"jig-clearfix\"><\/div><noscript id=\"jig1-html\" class=\"justified-image-grid-html\" data-lazy-src=\"skiplazyload\" data-src=\"skipunveillazyload\"><ul><li><a href=\"https:\/\/mhyrdin.fr\/blog\/archives-numeriques\/2019-2\/decembre-2019-trevarez\/\" title=\"28 Photos\"><img loading=\"lazy\" decoding=\"async\" src=\"https:\/\/i0.wp.com\/mhyrdin.fr\/blog\/wordpress\/wp-content\/gallery\/decembre-2019-trevarez\/Tr%C3%A9varez_2213.JPG?h=170\" alt=\"Trevarez\" width=\"309\" height=\"170\" \/><\/a><p class=\"jig-HTMLdescription\">Trevarez<br\/>28 Photos<\/p><\/li><li><a href=\"https:\/\/mhyrdin.fr\/blog\/archives-numeriques\/2019-2\/decembre-in-extenso\/\" title=\"21 Photos\"><img loading=\"lazy\" decoding=\"async\" src=\"https:\/\/i0.wp.com\/mhyrdin.fr\/blog\/wordpress\/wp-content\/gallery\/decembre-in-extenso\/20191224_175127-Copie.jpg?h=170\" alt=\"D\u00e9cembre in extenso\" width=\"352\" height=\"170\" \/><\/a><p class=\"jig-HTMLdescription\">D\u00e9cembre in extenso<br\/>21 Photos<\/p><\/li><\/ul><\/noscript><\/div><div id=\"jig1-developerLink\" class=\"jig-developerLink\"><a href=\"https:\/\/justifiedgrid.com\/\" target=\"_blank\" title=\"Justified Image Grid - Premium WordPress Gallery\">powered by Justified Image Grid<\/a><\/div>\n<h3>Related Images:<\/h3>","protected":false},"excerpt":{"rendered":"<p>Du vent, de la pluie, des temp\u00eates, mais d\u00e9cembre c&rsquo;est aussi le mois des illuminations de No\u00ebl ! Related Images:<\/p>\n","protected":false},"author":4,"featured_media":0,"parent":16637,"menu_order":12,"comment_status":"closed","ping_status":"closed","template":"","meta":{"ngg_post_thumbnail":0,"jetpack_post_was_ever_published":false,"footnotes":"","_links_to":"","_links_to_target":""},"class_list":["post-18301","page","type-page","status-publish","hentry"],"jetpack_shortlink":"https:\/\/wp.me\/P9lSZN-4Lb","jetpack_sharing_enabled":true,"_links":{"self":[{"href":"https:\/\/mhyrdin.fr\/blog\/wp-json\/wp\/v2\/pages\/18301","targetHints":{"allow":["GET"]}}],"collection":[{"href":"https:\/\/mhyrdin.fr\/blog\/wp-json\/wp\/v2\/pages"}],"about":[{"href":"https:\/\/mhyrdin.fr\/blog\/wp-json\/wp\/v2\/types\/page"}],"author":[{"embeddable":true,"href":"https:\/\/mhyrdin.fr\/blog\/wp-json\/wp\/v2\/users\/4"}],"replies":[{"embeddable":true,"href":"https:\/\/mhyrdin.fr\/blog\/wp-json\/wp\/v2\/comments?post=18301"}],"version-history":[{"count":1,"href":"https:\/\/mhyrdin.fr\/blog\/wp-json\/wp\/v2\/pages\/18301\/revisions"}],"predecessor-version":[{"id":23623,"href":"https:\/\/mhyrdin.fr\/blog\/wp-json\/wp\/v2\/pages\/18301\/revisions\/23623"}],"up":[{"embeddable":true,"href":"https:\/\/mhyrdin.fr\/blog\/wp-json\/wp\/v2\/pages\/16637"}],"wp:attachment":[{"href":"https:\/\/mhyrdin.fr\/blog\/wp-json\/wp\/v2\/media?parent=18301"}],"curies":[{"name":"wp","href":"https:\/\/api.w.org\/{rel}","templated":true}]}}

Décembre 2019

<p>Du vent, de la pluie, des tempêtes, mais décembre c&rsquo;est aussi le mois des illuminations de Noël !</p>
<div id="jig1" class="justified-image-grid jig-586ad15386beddd49ce10b9afaa2e2b0 jig-preset-global jig-source-nextgen"><div class="jig-clearfix"></div><noscript id="jig1-html" class="justified-image-grid-html" data-lazy-src="skiplazyload" data-src="skipunveillazyload"><ul><li><a href="https://mhyrdin.fr/blog/archives-numeriques/2019-2/decembre-2019-trevarez/" title="28 Photos"><img loading="lazy" decoding="async" src="https://i0.wp.com/mhyrdin.fr/blog/wordpress/wp-content/gallery/decembre-2019-trevarez/Tr%C3%A9varez_2213.JPG?h=170" alt="Trevarez" width="309" height="170" /></a><p class="jig-HTMLdescription">Trevarez<br/>28 Photos</p></li><li><a href="https://mhyrdin.fr/blog/archives-numeriques/2019-2/decembre-in-extenso/" title="21 Photos"><img loading="lazy" decoding="async" src="https://i0.wp.com/mhyrdin.fr/blog/wordpress/wp-content/gallery/decembre-in-extenso/20191224_175127-Copie.jpg?h=170" alt="Décembre in extenso" width="352" height="170" /></a><p class="jig-HTMLdescription">Décembre in extenso<br/>21 Photos</p></li></ul></noscript></div><div id="jig1-developerLink" class="jig-developerLink"><a href="https://justifiedgrid.com/" target="_blank" title="Justified Image Grid - Premium WordPress Gallery">powered by Justified Image Grid</a></div>
<h3>Related Images:</h3>

<p>Du vent, de la pluie, des tempêtes, mais décembre c&rsquo;est aussi le mois des illuminations de Noël ! Related Images:</p>
